2a01:e0a:a69:1e70:9cae:8b7d:d0ad:4449 - root [12/Jun/2023:20:42:17 +0000] (0 s) "GET /phpmyadmin-5.0/ HTTP/1.1" 401 381 "-" "Mozilla/5.0 (Windows NT 10.0; Win64; x64) AppleWebKit/537.36 (KHTML, like Gecko) Chrome/113.0.0.0 Safari/537.36" 517130.admin.sd5.gpaas.net
2a01:e0a:a69:1e70:9cae:8b7d:d0ad:4449 - - [12/Jun/2023:20:42:30 +0000] (0 s) "GET /phpmyadmin-5.0/ HTTP/1.1" 401 381 "-" "Mozilla/5.0 (Windows NT 10.0; Win64; x64) AppleWebKit/537.36 (KHTML, like Gecko) Chrome/113.0.0.0 Safari/537.36" 517130.admin.sd5.gpaas.net
2a01:e0a:a69:1e70:9cae:8b7d:d0ad:4449 - root [12/Jun/2023:20:42:34 +0000] (0 s) "GET /phpmyadmin-5.0/ HTTP/1.1" 401 381 "-" "Mozilla/5.0 (Windows NT 10.0; Win64; x64) AppleWebKit/537.36 (KHTML, like Gecko) Chrome/113.0.0.0 Safari/537.36" 517130.admin.sd5.gpaas.net
2a01:e0a:a69:1e70:9cae:8b7d:d0ad:4449 - "" [12/Jun/2023:20:42:35 +0000] (0 s) "GET /phpmyadmin-5.0/ HTTP/1.1" 401 381 "-" "Mozilla/5.0 (Windows NT 10.0; Win64; x64) AppleWebKit/537.36 (KHTML, like Gecko) Chrome/113.0.0.0 Safari/537.36" 517130.admin.sd5.gpaas.net
2a01:e0a:a69:1e70:9cae:8b7d:d0ad:4449 - - [12/Jun/2023:20:42:37 +0000] (0 s) "GET /phpmyadmin-5.0/ HTTP/1.1" 401 381 "-" "Mozilla/5.0 (Windows NT 10.0; Win64; x64) AppleWebKit/537.36 (KHTML, like Gecko) Chrome/113.0.0.0 Safari/537.36" 517130.admin.sd5.gpaas.net
2a01:e0a:a69:1e70:9cae:8b7d:d0ad:4449 - - [12/Jun/2023:20:42:37 +0000] (0 s) "GET /favicon.ico HTTP/1.1" 401 381 "https://517130.admin.sd5.gpaas.net/phpmyadmin-5.0/" "Mozilla/5.0 (Windows NT 10.0; Win64; x64) AppleWebKit/537.36 (KHTML, like Gecko) Chrome/113.0.0.0 Safari/537.36" 517130.admin.sd5.gpaas.net
2a01:e0a:a69:1e70:9cae:8b7d:d0ad:4449 - - [12/Jun/2023:20:43:00 +0000] (0 s) "GET /phpmyadmin-5.0/ HTTP/1.1" 401 381 "-" "Mozilla/5.0 (Windows NT 10.0; Win64; x64) AppleWebKit/537.36 (KHTML, like Gecko) Chrome/113.0.0.0 Safari/537.36" 517130.admin.sd5.gpaas.net
2a01:e0a:a69:1e70:9cae:8b7d:d0ad:4449 - 517130 [12/Jun/2023:20:43:03 +0000] (0 s) "GET /phpmyadmin-5.0/ HTTP/1.1" 401 381 "-" "Mozilla/5.0 (Windows NT 10.0; Win64; x64) AppleWebKit/537.36 (KHTML, like Gecko) Chrome/113.0.0.0 Safari/537.36" 517130.admin.sd5.gpaas.net
2a01:e0a:a69:1e70:9cae:8b7d:d0ad:4449 - "" [12/Jun/2023:20:43:03 +0000] (0 s) "GET /phpmyadmin-5.0/ HTTP/1.1" 401 381 "-" "Mozilla/5.0 (Windows NT 10.0; Win64; x64) AppleWebKit/537.36 (KHTML, like Gecko) Chrome/113.0.0.0 Safari/537.36" 517130.admin.sd5.gpaas.net
2a01:e0a:a69:1e70:9cae:8b7d:d0ad:4449 - 517130 [12/Jun/2023:20:43:25 +0000] (0 s) "GET /phpmyadmin-5.0/ HTTP/1.1" 401 381 "-" "Mozilla/5.0 (Windows NT 10.0; Win64; x64) AppleWebKit/537.36 (KHTML, like Gecko) Chrome/113.0.0.0 Safari/537.36" 517130.admin.sd5.gpaas.net
2a01:e0a:a69:1e70:9cae:8b7d:d0ad:4449 - - [12/Jun/2023:20:43:27 +0000] (0 s) "GET /phpmyadmin-5.0/ HTTP/1.1" 401 381 "-" "Mozilla/5.0 (Windows NT 10.0; Win64; x64) AppleWebKit/537.36 (KHTML, like Gecko) Chrome/113.0.0.0 Safari/537.36" 517130.admin.sd5.gpaas.net
2a01:e0a:a69:1e70:9cae:8b7d:d0ad:4449 - - [12/Jun/2023:20:43:28 +0000] (0 s) "GET /favicon.ico HTTP/1.1" 401 381 "https://517130.admin.sd5.gpaas.net/phpmyadmin-5.0/" "Mozilla/5.0 (Windows NT 10.0; Win64; x64) AppleWebKit/537.36 (KHTML, like Gecko) Chrome/113.0.0.0 Safari/537.36" www.la-magicieuse.org
172.22.2.230 - - [12/Jun/2023:20:45:37 +0000] (0 s) "POST /wp-cron.php?doing_wp_cron=1686602737.1572289466857910156250 HTTP/1.1" 200 - "https://www.la-magicieuse.org/wp-cron.php?doing_wp_cron=1686602737.1572289466857910156250" "WordPress/6.1.3; https://www.la-magicieuse.org" www.la-magicieuse.org
2a01:4f9:6b:14d1::2 - - [12/Jun/2023:20:45:36 +0000] (0 s) "GET /robots.txt HTTP/1.1" 200 116 "-" "Mozilla/5.0 (compatible; MJ12bot/v1.4.8; http://mj12bot.com/)" www.la-magicieuse.org
2a01:4f9:6b:14d1::2 - - [12/Jun/2023:20:45:38 +0000] (0 s) "GET /produit/la-shoah-expliquee-aux-enfants/ HTTP/1.1" 200 10384 "-" "Mozilla/5.0 (compatible; MJ12bot/v1.4.8; http://mj12bot.com/)" www.la-magicieuse.org
172.22.2.230 - - [12/Jun/2023:20:49:59 +0000] (0 s) "POST /wp-cron.php?doing_wp_cron=1686602999.2695870399475097656250 HTTP/1.1" 200 - "https://www.la-magicieuse.org/wp-cron.php?doing_wp_cron=1686602999.2695870399475097656250" "WordPress/6.1.3; https://www.la-magicieuse.org" la-magicieuse.org
205.185.124.254 - - [12/Jun/2023:20:49:58 +0000] (0 s) "GET /wp-login.php HTTP/1.1" 200 2572 "-" "Mozilla/5.0 (Macintosh; Intel Mac OS X 10_9_4) AppleWebKit/537.36 (KHTML, like Gecko) Chrome/36.0.1985.143 Safari/537.36" la-magicieuse.org
205.185.124.254 - - [12/Jun/2023:20:49:59 +0000] (0 s) "POST /wp-login.php HTTP/1.1" 200 8651 "-" "Mozilla/5.0 (Macintosh; Intel Mac OS X 10_9_4) AppleWebKit/537.36 (KHTML, like Gecko) Chrome/36.0.1985.143 Safari/537.36" www.la-magicieuse.org
172.22.2.230 - - [12/Jun/2023:20:57:36 +0000] (0 s) "POST /wp-cron.php?doing_wp_cron=1686603456.5608599185943603515625 HTTP/1.1" 200 - "https://www.la-magicieuse.org/wp-cron.php?doing_wp_cron=1686603456.5608599185943603515625" "WordPress/6.1.3; https://www.la-magicieuse.org" www.la-magicieuse.org
54.37.156.240 - - [12/Jun/2023:20:57:36 +0000] (0 s) "POST /wp-login.php HTTP/1.1" 200 2702 "-" "Mozilla/5.0 (Windows NT 6.1) AppleWebKit/537.36 (KHTML, like Gecko) Chrome/70.0.3538.77 Safari/537.36" www.la-magicieuse.org
17.22.253.121 - - [12/Jun/2023:21:00:03 +0000] (0 s) "GET /wp-includes/js/wp-emoji-release.min.js?ver=6.1.3 HTTP/1.1" 200 5009 "https://www.la-magicieuse.org/" "Mozilla/5.0 (Macintosh; Intel Mac OS X 10_15_5) AppleWebKit/605.1.15 (KHTML, like Gecko) Version/13.1.1 Safari/605.1.15 (Applebot/0.1; +http://www.apple.com/go/applebot)" www.la-magicieuse.org
17.22.245.42 - - [12/Jun/2023:21:00:03 +0000] (0 s) "GET /wp-includes/css/dist/block-library/style.min.css?ver=6.1.3 HTTP/1.1" 200 12540 "https://www.la-magicieuse.org/" "Mozilla/5.0 (Macintosh; Intel Mac OS X 10_15_5) AppleWebKit/605.1.15 (KHTML, like Gecko) Version/13.1.1 Safari/605.1.15 (Applebot/0.1; +http://www.apple.com/go/applebot)" www.la-magicieuse.org
17.22.245.49 - - [12/Jun/2023:21:00:04 +0000] (0 s) "GET /wp-content/plugins/woocommerce/assets/css/woocommerce-layout.css?ver=3.9.5 HTTP/1.1" 200 2482 "https://www.la-magicieuse.org/" "Mozilla/5.0 (Macintosh; Intel Mac OS X 10_15_5) AppleWebKit/605.1.15 (KHTML, like Gecko) Version/13.1.1 Safari/605.1.15 (Applebot/0.1; +http://www.apple.com/go/applebot)" www.la-magicieuse.org
17.22.253.138 - - [12/Jun/2023:21:00:04 +0000] (0 s) "GET /wp-content/plugins/perfect-woocommerce-brands/assets/css/styles-frontend.min.css?ver=1.7.9 HTTP/1.1" 200 1458 "https://www.la-magicieuse.org/" "Mozilla/5.0 (Macintosh; Intel Mac OS X 10_15_5) AppleWebKit/605.1.15 (KHTML, like Gecko) Version/13.1.1 Safari/605.1.15 (Applebot/0.1; +http://www.apple.com/go/applebot)" www.la-magicieuse.org
17.22.253.121 - - [12/Jun/2023:21:00:04 +0000] (0 s) "GET /wp-content/plugins/woocommerce/assets/css/woocommerce.css?ver=3.9.5 HTTP/1.1" 200 8820 "https://www.la-magicieuse.org/" "Mozilla/5.0 (Macintosh; Intel Mac OS X 10_15_5) AppleWebKit/605.1.15 (KHTML, like Gecko) Version/13.1.1 Safari/605.1.15 (Applebot/0.1; +http://www.apple.com/go/applebot)" www.la-magicieuse.org
17.22.245.138 - - [12/Jun/2023:21:00:05 +0000] (0 s) "GET /wp-content/plugins/woo-gutenberg-products-block/build/style.css?ver=2.5.16 HTTP/1.1" 200 8309 "https://www.la-magicieuse.org/" "Mozilla/5.0 (Macintosh; Intel Mac OS X 10_15_5) AppleWebKit/605.1.15 (KHTML, like Gecko) Version/13.1.1 Safari/605.1.15 (Applebot/0.1; +http://www.apple.com/go/applebot)" www.la-magicieuse.org
17.22.253.201 - - [12/Jun/2023:21:00:06 +0000] (0 s) "GET /wp-includes/css/classic-themes.min.css?ver=1 HTTP/1.1" 200 189 "https://www.la-magicieuse.org/" "Mozilla/5.0 (Macintosh; Intel Mac OS X 10_15_5) AppleWebKit/605.1.15 (KHTML, like Gecko) Version/13.1.1 Safari/605.1.15 (Applebot/0.1; +http://www.apple.com/go/applebot)" www.la-magicieuse.org
17.22.245.42 - - [12/Jun/2023:21:00:06 +0000] (0 s) "GET /wp-content/themes/wp-bootstrap-starter/inc/assets/css/bootstrap.min.css?ver=6.1.3 HTTP/1.1" 200 23238 "https://www.la-magicieuse.org/" "Mozilla/5.0 (Macintosh; Intel Mac OS X 10_15_5) AppleWebKit/605.1.15 (KHTML, like Gecko) Version/13.1.1 Safari/605.1.15 (Applebot/0.1; +http://www.apple.com/go/applebot)" www.la-magicieuse.org
17.22.245.49 - - [12/Jun/2023:21:00:06 +0000] (0 s) "GET /wp-content/themes/wp-bootstrap-starter/inc/assets/css/fontawesome.min.css?ver=6.1.3 HTTP/1.1" 200 12274 "https://www.la-magicieuse.org/" "Mozilla/5.0 (Macintosh; Intel Mac OS X 10_15_5) AppleWebKit/605.1.15 (KHTML, like Gecko) Version/13.1.1 Safari/605.1.15 (Applebot/0.1; +http://www.apple.com/go/applebot)" www.la-magicieuse.org
17.22.253.138 - - [12/Jun/2023:21:00:07 +0000] (0 s) "GET /wp-content/themes/lamagicieuse/style.css?ver=6.1.3 HTTP/1.1" 200 4537 "https://www.la-magicieuse.org/" "Mozilla/5.0 (Macintosh; Intel Mac OS X 10_15_5) AppleWebKit/605.1.15 (KHTML, like Gecko) Version/13.1.1 Safari/605.1.15 (Applebot/0.1; +http://www.apple.com/go/applebot)" www.la-magicieuse.org
17.22.253.121 - - [12/Jun/2023:21:00:07 +0000] (0 s) "GET /wp-content/themes/wp-bootstrap-starter/inc/assets/css/presets/theme-option/lux.css?ver=6.1.3 HTTP/1.1" 200 23574 "https://www.la-magicieuse.org/" "Mozilla/5.0 (Macintosh; Intel Mac OS X 10_15_5) AppleWebKit/605.1.15 (KHTML, like Gecko) Version/13.1.1 Safari/605.1.15 (Applebot/0.1; +http://www.apple.com/go/applebot)" www.la-magicieuse.org
17.22.245.138 - - [12/Jun/2023:21:00:08 +0000] (0 s) "GET /wp-includes/js/jquery/jquery.min.js?ver=3.6.1 HTTP/1.1" 200 30995 "https://www.la-magicieuse.org/" "Mozilla/5.0 (Macintosh; Intel Mac OS X 10_15_5) AppleWebKit/605.1.15 (KHTML, like Gecko) Version/13.1.1 Safari/605.1.15 (Applebot/0.1; +http://www.apple.com/go/applebot)" www.la-magicieuse.org
17.22.253.201 - - [12/Jun/2023:21:00:08 +0000] (0 s) "GET /wp-includes/js/jquery/jquery-migrate.min.js?ver=3.3.2 HTTP/1.1" 200 4169 "https://www.la-magicieuse.org/" "Mozilla/5.0 (Macintosh; Intel Mac OS X 10_15_5) AppleWebKit/605.1.15 (KHTML, like Gecko) Version/13.1.1 Safari/605.1.15 (Applebot/0.1; +http://www.apple.com/go/applebot)" www.la-magicieuse.org
17.22.245.42 - - [12/Jun/2023:21:00:09 +0000] (0 s) "GET /wp-content/plugins/perfect-woocommerce-brands/assets/js/functions-frontend.min.js?ver=1.7.9 HTTP/1.1" 200 875 "https://www.la-magicieuse.org/" "Mozilla/5.0 (Macintosh; Intel Mac OS X 10_15_5) AppleWebKit/605.1.15 (KHTML, like Gecko) Version/13.1.1 Safari/605.1.15 (Applebot/0.1; +http://www.apple.com/go/applebot)" www.la-magicieuse.org
17.22.245.49 - - [12/Jun/2023:21:00:09 +0000] (0 s) "GET /wp-content/plugins/woocommerce/assets/js/jquery-blockui/jquery.blockUI.min.js?ver=2.70 HTTP/1.1" 200 3533 "https://www.la-magicieuse.org/" "Mozilla/5.0 (Macintosh; Intel Mac OS X 10_15_5) AppleWebKit/605.1.15 (KHTML, like Gecko) Version/13.1.1 Safari/605.1.15 (Applebot/0.1; +http://www.apple.com/go/applebot)" www.la-magicieuse.org
17.22.253.138 - - [12/Jun/2023:21:00:10 +0000] (0 s) "GET /wp-content/plugins/woocommerce/assets/js/frontend/add-to-cart.min.js?ver=3.9.5 HTTP/1.1" 200 1017 "https://www.la-magicieuse.org/" "Mozilla/5.0 (Macintosh; Intel Mac OS X 10_15_5) AppleWebKit/605.1.15 (KHTML, like Gecko) Version/13.1.1 Safari/605.1.15 (Applebot/0.1; +http://www.apple.com/go/applebot)" www.la-magicieuse.org
17.22.253.121 - - [12/Jun/2023:21:00:10 +0000] (0 s) "GET /wp-content/plugins/woocommerce/assets/js/js-cookie/js.cookie.min.js?ver=2.1.4 HTTP/1.1" 200 981 "https://www.la-magicieuse.org/" "Mozilla/5.0 (Macintosh; Intel Mac OS X 10_15_5) AppleWebKit/605.1.15 (KHTML, like Gecko) Version/13.1.1 Safari/605.1.15 (Applebot/0.1; +http://www.apple.com/go/applebot)" www.la-magicieuse.org
17.22.245.138 - - [12/Jun/2023:21:00:11 +0000] (0 s) "GET /wp-content/plugins/woocommerce/assets/js/frontend/woocommerce.min.js?ver=3.9.5 HTTP/1.1" 200 767 "https://www.la-magicieuse.org/" "Mozilla/5.0 (Macintosh; Intel Mac OS X 10_15_5) AppleWebKit/605.1.15 (KHTML, like Gecko) Version/13.1.1 Safari/605.1.15 (Applebot/0.1; +http://www.apple.com/go/applebot)" www.la-magicieuse.org
17.22.253.201 - - [12/Jun/2023:21:00:11 +0000] (0 s) "GET /wp-content/plugins/woocommerce/assets/js/frontend/cart-fragments.min.js?ver=3.9.5 HTTP/1.1" 200 1042 "https://www.la-magicieuse.org/" "Mozilla/5.0 (Macintosh; Intel Mac OS X 10_15_5) AppleWebKit/605.1.15 (KHTML, like Gecko) Version/13.1.1 Safari/605.1.15 (Applebot/0.1; +http://www.apple.com/go/applebot)" www.la-magicieuse.org
17.22.245.42 - - [12/Jun/2023:21:00:12 +0000] (0 s) "GET /wp-content/themes/wp-bootstrap-starter/inc/assets/js/popper.min.js?ver=6.1.3 HTTP/1.1" 200 7503 "https://www.la-magicieuse.org/" "Mozilla/5.0 (Macintosh; Intel Mac OS X 10_15_5) AppleWebKit/605.1.15 (KHTML, like Gecko) Version/13.1.1 Safari/605.1.15 (Applebot/0.1; +http://www.apple.com/go/applebot)" www.la-magicieuse.org
17.22.245.49 - - [12/Jun/2023:21:00:12 +0000] (0 s) "GET /wp-content/themes/wp-bootstrap-starter/inc/assets/js/bootstrap.min.js?ver=6.1.3 HTTP/1.1" 200 15437 "https://www.la-magicieuse.org/" "Mozilla/5.0 (Macintosh; Intel Mac OS X 10_15_5) AppleWebKit/605.1.15 (KHTML, like Gecko) Version/13.1.1 Safari/605.1.15 (Applebot/0.1; +http://www.apple.com/go/applebot)" www.la-magicieuse.org
17.22.253.138 - - [12/Jun/2023:21:00:13 +0000] (0 s) "GET /wp-content/themes/wp-bootstrap-starter/inc/assets/js/theme-script.min.js?ver=6.1.3 HTTP/1.1" 200 864 "https://www.la-magicieuse.org/" "Mozilla/5.0 (Macintosh; Intel Mac OS X 10_15_5) AppleWebKit/605.1.15 (KHTML, like Gecko) Version/13.1.1 Safari/605.1.15 (Applebot/0.1; +http://www.apple.com/go/applebot)" www.la-magicieuse.org
17.22.253.121 - - [12/Jun/2023:21:00:13 +0000] (0 s) "GET /wp-content/themes/wp-bootstrap-starter/inc/assets/js/skip-link-focus-fix.min.js?ver=20151215 HTTP/1.1" 200 242 "https://www.la-magicieuse.org/" "Mozilla/5.0 (Macintosh; Intel Mac OS X 10_15_5) AppleWebKit/605.1.15 (KHTML, like Gecko) Version/13.1.1 Safari/605.1.15 (Applebot/0.1; +http://www.apple.com/go/applebot)" www.la-magicieuse.org
17.22.253.138 - - [12/Jun/2023:21:00:14 +0000] (0 s) "GET /wp-content/plugins/woocommerce/assets/css/woocommerce-smallscreen.css?ver=3.9.5 HTTP/1.1" 200 1055 "https://www.la-magicieuse.org/" "Mozilla/5.0 (Macintosh; Intel Mac OS X 10_15_5) AppleWebKit/605.1.15 (KHTML, like Gecko) Version/13.1.1 Safari/605.1.15 (Applebot/0.1; +http://www.apple.com/go/applebot)" www.la-magicieuse.org
172.22.2.230 - - [12/Jun/2023:21:00:15 +0000] (0 s) "POST /wp-cron.php?doing_wp_cron=1686603615.4654679298400878906250 HTTP/1.1" 200 - "https://www.la-magicieuse.org/wp-cron.php?doing_wp_cron=1686603615.4654679298400878906250" "WordPress/6.1.3; https://www.la-magicieuse.org" www.la-magicieuse.org
17.22.253.121 - - [12/Jun/2023:21:00:14 +0000] (0 s) "POST /?wc-ajax=get_refreshed_fragments HTTP/1.1" 200 159 "https://www.la-magicieuse.org/" "Mozilla/5.0 (Macintosh; Intel Mac OS X 10_15_5) AppleWebKit/605.1.15 (KHTML, like Gecko) Version/13.1.1 Safari/605.1.15 (Applebot/0.1; +http://www.apple.com/go/applebot)" www.la-magicieuse.org
66.249.64.104 - - [12/Jun/2023:21:06:14 +0000] (0 s) "GET /wp-content/uploads/2021/04/Pages1.1.jpg HTTP/1.1" 200 1408415 "-" "Googlebot-Image/1.0" www.la-magicieuse.org
54.38.244.96 - - [12/Jun/2023:21:06:20 +0000] (0 s) "GET /wp-content/uploads/2022/01/1ereCouverture_2-300x300.jpg HTTP/1.1" 200 21233 "-" "python-urllib3/1.26.9" www.la-magicieuse.org
172.22.2.230 - - [12/Jun/2023:21:06:28 +0000] (0 s) "POST /wp-cron.php?doing_wp_cron=1686603988.4041340351104736328125 HTTP/1.1" 200 - "https://www.la-magicieuse.org/wp-cron.php?doing_wp_cron=1686603988.4041340351104736328125" "WordPress/6.1.3; https://www.la-magicieuse.org" www.la-magicieuse.org
66.249.64.102 - - [12/Jun/2023:21:06:28 +0000] (0 s) "GET /produit/la-magicieuse/ HTTP/1.1" 200 9471 "-" "Mozilla/5.0 (Linux; Android 6.0.1; Nexus 5X Build/MMB29P) AppleWebKit/537.36 (KHTML, like Gecko) Chrome/114.0.5735.90 Mobile Safari/537.36 (compatible; Googlebot/2.1; +http://www.google.com/bot.html)" www.la-magicieuse.org
66.249.64.102 - - [12/Jun/2023:21:06:34 +0000] (0 s) "GET /wp-content/plugins/woo-gutenberg-products-block/build/style.css?ver=2.5.16 HTTP/1.1" 200 8309 "https://www.la-magicieuse.org/produit/la-magicieuse/" "Mozilla/5.0 (Linux; Android 6.0.1; Nexus 5X Build/MMB29P) AppleWebKit/537.36 (KHTML, like Gecko) Chrome/112.0.5615.142 Mobile Safari/537.36 (compatible; Googlebot/2.1; +http://www.google.com/bot.html)" www.la-magicieuse.org
66.249.64.102 - - [12/Jun/2023:21:06:35 +0000] (0 s) "POST /?wc-ajax=get_refreshed_fragments HTTP/1.1" 200 159 "https://www.la-magicieuse.org/produit/la-magicieuse/" "Mozilla/5.0 (Linux; Android 6.0.1; Nexus 5X Build/MMB29P) AppleWebKit/537.36 (KHTML, like Gecko) Chrome/112.0.5615.142 Mobile Safari/537.36 (compatible; Googlebot/2.1; +http://www.google.com/bot.html)" www.la-magicieuse.org
54.38.244.96 - - [12/Jun/2023:21:06:40 +0000] (0 s) "GET /wp-content/uploads/2018/12/Sheenay-3-copy-copy-scaled.jpg HTTP/1.1" 200 949230 "-" "python-urllib3/1.26.9" www.la-magicieuse.org
54.38.244.96 - - [12/Jun/2023:21:06:59 +0000] (0 s) "GET /wp-content/uploads/2018/12/Sheenay-1.jpg HTTP/1.1" 200 2077462 "-" "python-urllib3/1.26.9" www.la-magicieuse.org
54.38.244.96 - - [12/Jun/2023:21:07:20 +0000] (0 s) "GET /wp-content/uploads/2019/05/JimTo.Couv_-300x300.jpg HTTP/1.1" 200 26943 "-" "python-urllib3/1.26.9" www.la-magicieuse.org
172.22.2.230 - - [12/Jun/2023:21:07:56 +0000] (0 s) "POST /wp-cron.php?doing_wp_cron=1686604076.2094380855560302734375 HTTP/1.1" 200 - "https://www.la-magicieuse.org/wp-cron.php?doing_wp_cron=1686604076.2094380855560302734375" "WordPress/6.1.3; https://www.la-magicieuse.org" www.la-magicieuse.org
66.249.64.103 - - [12/Jun/2023:21:07:55 +0000] (0 s) "GET /nos-ami-es/ HTTP/1.1" 200 8678 "-" "Mozilla/5.0 (compatible; Googlebot/2.1; +http://www.google.com/bot.html)" la-magicieuse.org
62.122.184.194 - - [12/Jun/2023:21:13:08 +0000] (0 s) "GET / HTTP/1.1" 301 - "http://la-magicieuse.org/" "Mozilla/5.0 (Windows NT 6.3) AppleWebKit/537.36 (KHTML, like Gecko) Chrome/103.0.0.0 Safari/537.36" www.la-magicieuse.org
62.122.184.194 - - [12/Jun/2023:21:13:09 +0000] (0 s) "GET / HTTP/1.1" 200 6626 "https://www.la-magicieuse.org/" "Mozilla/5.0 (Windows NT 6.3) AppleWebKit/537.36 (KHTML, like Gecko) Chrome/103.0.0.0 Safari/537.36" www.la-magicieuse.org
172.22.2.230 - - [12/Jun/2023:21:16:01 +0000] (0 s) "POST /wp-cron.php?doing_wp_cron=1686604561.5367920398712158203125 HTTP/1.1" 200 - "https://www.la-magicieuse.org/wp-cron.php?doing_wp_cron=1686604561.5367920398712158203125" "WordPress/6.1.3; https://www.la-magicieuse.org" www.la-magicieuse.org
124.156.42.87 - - [12/Jun/2023:21:16:01 +0000] (0 s) "GET /.env HTTP/1.1" 404 30437 "-" "Mozilla/5.0 (Macintosh; Intel Mac OS X 10.15; rv:77.0) Gecko/20100101 Firefox/77.0" www.la-magicieuse.org
124.156.42.87 - - [12/Jun/2023:21:16:02 +0000] (0 s) "GET /wp-content/ HTTP/1.1" 200 - "-" "Mozilla/5.0 (Macintosh; Intel Mac OS X 10.15; rv:77.0) Gecko/20100101 Firefox/77.0" www.la-magicieuse.org
54.37.23.137 - - [12/Jun/2023:21:20:30 +0000] (0 s) "GET /wp-content/uploads/2020/02/3.On-descend.jpg HTTP/1.1" 200 419934 "-" "python-urllib3/1.26.9" www.la-magicieuse.org
54.37.23.137 - - [12/Jun/2023:21:20:53 +0000] (0 s) "GET /wp-content/uploads/2020/02/2.La-Magicieuse-300x300.jpg HTTP/1.1" 200 101351 "-" "python-urllib3/1.26.9" www.la-magicieuse.org
54.37.23.137 - - [12/Jun/2023:21:21:16 +0000] (0 s) "GET /wp-content/uploads/2020/02/Affiche_apercu-300x300.jpg HTTP/1.1" 200 54751 "-" "python-urllib3/1.26.9" www.la-magicieuse.org
54.37.23.137 - - [12/Jun/2023:21:21:41 +0000] (0 s) "GET /wp-content/uploads/2020/02/5.Contre-les-grands-anciens-300x300.jpg HTTP/1.1" 200 105118 "-" "python-urllib3/1.26.9" www.la-magicieuse.org
54.37.23.137 - - [12/Jun/2023:21:22:01 +0000] (0 s) "GET /wp-content/uploads/2020/02/3.Back-On-descend.jpg HTTP/1.1" 200 241507 "-" "python-urllib3/1.26.9" 517130.admin.sd5.gpaas.net
2a01:e0a:a69:1e70:4c79:64e3:859:3df8 - - [12/Jun/2023:21:22:39 +0000] (0 s) "GET /phpmyadmin-5.0/ HTTP/1.1" 401 381 "-" "Mozilla/5.0 (Windows NT 10.0; Win64; x64) AppleWebKit/537.36 (KHTML, like Gecko) Chrome/113.0.0.0 Safari/537.36" 517130.admin.sd5.gpaas.net
2a01:e0a:a69:1e70:4c79:64e3:859:3df8 - root [12/Jun/2023:21:22:44 +0000] (0 s) "GET /phpmyadmin-5.0/ HTTP/1.1" 401 381 "-" "Mozilla/5.0 (Windows NT 10.0; Win64; x64) AppleWebKit/537.36 (KHTML, like Gecko) Chrome/113.0.0.0 Safari/537.36" 517130.admin.sd5.gpaas.net
2a01:e0a:a69:1e70:4c79:64e3:859:3df8 - "" [12/Jun/2023:21:23:23 +0000] (0 s) "GET /phpmyadmin-5.0/ HTTP/1.1" 401 381 "-" "Mozilla/5.0 (Windows NT 10.0; Win64; x64) AppleWebKit/537.36 (KHTML, like Gecko) Chrome/113.0.0.0 Safari/537.36" 517130.admin.sd5.gpaas.net
2a01:e0a:a69:1e70:4c79:64e3:859:3df8 - "" [12/Jun/2023:21:23:31 +0000] (0 s) "GET /phpmyadmin-5.0/ HTTP/1.1" 401 381 "-" "Mozilla/5.0 (Windows NT 10.0; Win64; x64) AppleWebKit/537.36 (KHTML, like Gecko) Chrome/113.0.0.0 Safari/537.36" 517130.admin.sd5.gpaas.net
2a01:e0a:a69:1e70:4c79:64e3:859:3df8 - LaMagicieuse [12/Jun/2023:21:23:51 +0000] (0 s) "GET /phpmyadmin-5.0/ HTTP/1.1" 401 381 "-" "Mozilla/5.0 (Windows NT 10.0; Win64; x64) AppleWebKit/537.36 (KHTML, like Gecko) Chrome/113.0.0.0 Safari/537.36" www.la-magicieuse.org
172.22.2.230 - - [12/Jun/2023:21:32:11 +0000] (0 s) "POST /wp-cron.php?doing_wp_cron=1686605531.3801069259643554687500 HTTP/1.1" 200 - "https://www.la-magicieuse.org/wp-cron.php?doing_wp_cron=1686605531.3801069259643554687500" "WordPress/6.1.3; https://www.la-magicieuse.org" la-magicieuse.org
142.54.161.126 - - [12/Jun/2023:21:32:05 +0000] (5 s) "GET /wp-content/plugins/hellopress/wp_mna.php HTTP/1.1" 301 - "-" "Mozilla/5.0 (Windows NT 6.1; WOW64) AppleWebKit/537.36 (KHTML, like Gecko) Chrome/42.0.2311.90 Safari/537.36" www.la-magicieuse.org
172.22.2.230 - - [12/Jun/2023:21:33:18 +0000] (0 s) "POST /wp-cron.php?doing_wp_cron=1686605598.3331370353698730468750 HTTP/1.1" 200 - "https://www.la-magicieuse.org/wp-cron.php?doing_wp_cron=1686605598.3331370353698730468750" "WordPress/6.1.3; https://www.la-magicieuse.org" www.la-magicieuse.org
142.54.161.126 - - [12/Jun/2023:21:33:18 +0000] (0 s) "GET /wp-content/plugins/hellopress/wp_mna.php HTTP/1.1" 404 30437 "-" "Mozilla/5.0 (Windows NT 6.1; WOW64) AppleWebKit/537.36 (KHTML, like Gecko) Chrome/42.0.2311.90 Safari/537.36" 517130.admin.sd5.gpaas.net
2a01:e0a:a69:1e70:ad00:3ae7:d995:d81d - - [12/Jun/2023:21:44:21 +0000] (0 s) "GET /phpmyadmin-5.0/ HTTP/1.1" 401 381 "-" "Mozilla/5.0 (Windows NT 10.0; Win64; x64) AppleWebKit/537.36 (KHTML, like Gecko) Chrome/113.0.0.0 Safari/537.36" 517130.admin.sd5.gpaas.net
2a01:e0a:a69:1e70:ad00:3ae7:d995:d81d - root [12/Jun/2023:21:44:27 +0000] (0 s) "GET /phpmyadmin-5.0/ HTTP/1.1" 401 381 "-" "Mozilla/5.0 (Windows NT 10.0; Win64; x64) AppleWebKit/537.36 (KHTML, like Gecko) Chrome/113.0.0.0 Safari/537.36" 517130.admin.sd5.gpaas.net
2a01:e0a:a69:1e70:ad00:3ae7:d995:d81d - - [12/Jun/2023:21:44:27 +0000] (0 s) "GET /phpmyadmin-5.0/ HTTP/1.1" 401 381 "-" "Mozilla/5.0 (Windows NT 10.0; Win64; x64) AppleWebKit/537.36 (KHTML, like Gecko) Chrome/113.0.0.0 Safari/537.36" 517130.admin.sd5.gpaas.net
2a01:e0a:a69:1e70:ad00:3ae7:d995:d81d - - [12/Jun/2023:21:44:43 +0000] (0 s) "GET /phpmyadmin-5.0/ HTTP/1.1" 401 381 "-" "Mozilla/5.0 (Windows NT 10.0; Win64; x64) AppleWebKit/537.36 (KHTML, like Gecko) Chrome/113.0.0.0 Safari/537.36" 517130.admin.sd5.gpaas.net
2a01:e0a:a69:1e70:ad00:3ae7:d995:d81d - - [12/Jun/2023:21:44:43 +0000] (0 s) "GET /phpmyadmin-5.0/ HTTP/1.1" 401 381 "-" "Mozilla/5.0 (Windows NT 10.0; Win64; x64) AppleWebKit/537.36 (KHTML, like Gecko) Chrome/113.0.0.0 Safari/537.36" 517130.admin.sd5.gpaas.net
2a01:e0a:a69:1e70:ad00:3ae7:d995:d81d - - [12/Jun/2023:21:44:43 +0000] (0 s) "GET /favicon.ico HTTP/1.1" 401 381 "https://517130.admin.sd5.gpaas.net/phpmyadmin-5.0/" "Mozilla/5.0 (Windows NT 10.0; Win64; x64) AppleWebKit/537.36 (KHTML, like Gecko) Chrome/113.0.0.0 Safari/537.36" 517130.admin.sd5.gpaas.net
2a01:e0a:a69:1e70:ad00:3ae7:d995:d81d - - [12/Jun/2023:21:44:43 +0000] (0 s) "GET /favicon.ico HTTP/1.1" 401 381 "https://517130.admin.sd5.gpaas.net/phpmyadmin-5.0/" "Mozilla/5.0 (Windows NT 10.0; Win64; x64) AppleWebKit/537.36 (KHTML, like Gecko) Chrome/113.0.0.0 Safari/537.36" www.la-magicieuse.org
172.22.2.230 - - [12/Jun/2023:21:44:44 +0000] (0 s) "POST /wp-cron.php?doing_wp_cron=1686606284.2814009189605712890625 HTTP/1.1" 200 - "https://www.la-magicieuse.org/wp-cron.php?doing_wp_cron=1686606284.2814009189605712890625" "WordPress/6.1.3; https://www.la-magicieuse.org" www.la-magicieuse.org
54.36.149.34 - - [12/Jun/2023:21:44:44 +0000] (0 s) "GET /robots.txt HTTP/1.1" 200 116 "-" "Mozilla/5.0 (compatible; AhrefsBot/7.0; +http://ahrefs.com/robot/)" www.la-magicieuse.org
54.36.148.112 - - [12/Jun/2023:21:44:44 +0000] (0 s) "GET / HTTP/1.1" 200 6626 "-" "Mozilla/5.0 (compatible; AhrefsBot/7.0; +http://ahrefs.com/robot/)" 517130.admin.sd5.gpaas.net
2a01:e0a:a69:1e70:ad00:3ae7:d995:d81d - - [12/Jun/2023:21:47:25 +0000] (0 s) "GET /phpmyadmin-5.0/ HTTP/1.1" 401 381 "-" "Mozilla/5.0 (Windows NT 10.0; Win64; x64) AppleWebKit/537.36 (KHTML, like Gecko) Chrome/113.0.0.0 Safari/537.36" 517130.admin.sd5.gpaas.net
2a01:e0a:a69:1e70:ad00:3ae7:d995:d81d - root [12/Jun/2023:21:47:30 +0000] (0 s) "GET /phpmyadmin-5.0/ HTTP/1.1" 401 381 "-" "Mozilla/5.0 (Windows NT 10.0; Win64; x64) AppleWebKit/537.36 (KHTML, like Gecko) Chrome/113.0.0.0 Safari/537.36" 517130.admin.sd5.gpaas.net
2a01:e0a:a69:1e70:ad00:3ae7:d995:d81d - "" [12/Jun/2023:21:47:32 +0000] (0 s) "GET /phpmyadmin-5.0/ HTTP/1.1" 401 381 "-" "Mozilla/5.0 (Windows NT 10.0; Win64; x64) AppleWebKit/537.36 (KHTML, like Gecko) Chrome/113.0.0.0 Safari/537.36" 517130.admin.sd5.gpaas.net
2a01:e0a:a69:1e70:ad00:3ae7:d995:d81d - "" [12/Jun/2023:21:47:33 +0000] (0 s) "GET /phpmyadmin-5.0/ HTTP/1.1" 401 381 "-" "Mozilla/5.0 (Windows NT 10.0; Win64; x64) AppleWebKit/537.36 (KHTML, like Gecko) Chrome/113.0.0.0 Safari/537.36" 517130.admin.sd5.gpaas.net
2a01:e0a:a69:1e70:ad00:3ae7:d995:d81d - root [12/Jun/2023:21:47:39 +0000] (0 s) "GET /phpmyadmin-5.0/ HTTP/1.1" 401 381 "-" "Mozilla/5.0 (Windows NT 10.0; Win64; x64) AppleWebKit/537.36 (KHTML, like Gecko) Chrome/113.0.0.0 Safari/537.36" 517130.admin.sd5.gpaas.net
2a01:e0a:a69:1e70:ad00:3ae7:d995:d81d - - [12/Jun/2023:21:47:43 +0000] (0 s) "GET /phpmyadmin-5.0/ HTTP/1.1" 401 381 "-" "Mozilla/5.0 (Windows NT 10.0; Win64; x64) AppleWebKit/537.36 (KHTML, like Gecko) Chrome/113.0.0.0 Safari/537.36" 517130.admin.sd5.gpaas.net
2a01:e0a:a69:1e70:ad00:3ae7:d995:d81d - - [12/Jun/2023:21:47:43 +0000] (0 s) "GET /favicon.ico HTTP/1.1" 401 381 "https://517130.admin.sd5.gpaas.net/phpmyadmin-5.0/" "Mozilla/5.0 (Windows NT 10.0; Win64; x64) AppleWebKit/537.36 (KHTML, like Gecko) Chrome/113.0.0.0 Safari/537.36" www.la-magicieuse.org
54.38.244.121 - - [12/Jun/2023:21:52:04 +0000] (0 s) "GET /wp-content/uploads/2022/01/1ereCouverture_2-300x300.jpg HTTP/1.1" 200 21233 "-" "python-urllib3/1.26.9" 517130.admin.sd5.gpaas.net
2a01:e0a:a69:1e70:ad00:3ae7:d995:d81d - - [12/Jun/2023:21:52:10 +0000] (0 s) "GET / HTTP/1.1" 401 381 "-" "Mozilla/5.0 (Windows NT 10.0; Win64; x64) AppleWebKit/537.36 (KHTML, like Gecko) Chrome/113.0.0.0 Safari/537.36" 517130.admin.sd5.gpaas.net
2a01:e0a:a69:1e70:ad00:3ae7:d995:d81d - - [12/Jun/2023:21:52:13 +0000] (0 s) "GET / HTTP/1.1" 401 381 "-" "Mozilla/5.0 (Windows NT 10.0; Win64; x64) AppleWebKit/537.36 (KHTML, like Gecko) Chrome/113.0.0.0 Safari/537.36" 517130.admin.sd5.gpaas.net
2a01:e0a:a69:1e70:ad00:3ae7:d995:d81d - - [12/Jun/2023:21:52:14 +0000] (0 s) "GET /favicon.ico HTTP/1.1" 401 381 "https://517130.admin.sd5.gpaas.net/" "Mozilla/5.0 (Windows NT 10.0; Win64; x64) AppleWebKit/537.36 (KHTML, like Gecko) Chrome/113.0.0.0 Safari/537.36" www.la-magicieuse.org
54.37.23.187 - - [12/Jun/2023:22:03:11 +0000] (0 s) "GET /wp-content/uploads/2020/02/2.La-Magicieuse-300x300.jpg HTTP/1.1" 200 101351 "-" "python-urllib3/1.26.9" www.la-magicieuse.org
54.37.23.187 - - [12/Jun/2023:22:03:33 +0000] (0 s) "GET /wp-content/uploads/2020/02/5.Contre-les-grands-anciens-300x300.jpg HTTP/1.1" 200 105118 "-" "python-urllib3/1.26.9" www.la-magicieuse.org
54.37.23.187 - - [12/Jun/2023:22:03:57 +0000] (0 s) "GET /wp-content/uploads/2020/02/4.Back_.JimTo_-300x300.jpg HTTP/1.1" 200 56584 "-" "python-urllib3/1.26.9" www.la-magicieuse.org
172.22.2.230 - - [12/Jun/2023:22:04:30 +0000] (0 s) "POST /wp-cron.php?doing_wp_cron=1686607469.9891018867492675781250 HTTP/1.1" 200 - "https://www.la-magicieuse.org/wp-cron.php?doing_wp_cron=1686607469.9891018867492675781250" "WordPress/6.1.3; https://www.la-magicieuse.org" www.la-magicieuse.org
47.111.116.44 - - [12/Jun/2023:22:04:29 +0000] (0 s) "POST /wp-login.php HTTP/1.1" 200 2701 "-" "Mozilla/5.0 (Windows NT 10.0; WOW64) AppleWebKit/537.36 (KHTML, like Gecko) Chrome/79.0.3945.130 Safari/537.36" 517130.admin.sd5.gpaas.net
2a01:e0a:a69:1e70:ad00:3ae7:d995:d81d - - [12/Jun/2023:22:06:07 +0000] (0 s) "GET /phpmyadmin-5.0/ HTTP/1.1" 401 381 "-" "Mozilla/5.0 (Windows NT 10.0; Win64; x64) AppleWebKit/537.36 (KHTML, like Gecko) Chrome/113.0.0.0 Safari/537.36"