46.23.42.42 - - [12/Jun/2023:09:02:52 +0000] (0 s) "GET /produit/neva/ HTTP/1.1" 200 10769 "-" "Mozilla/5.0 (compatible; GeedoBot; +http://www.geedo.com/bot.html)" la-magicieuse.org
139.59.167.219 - - [12/Jun/2023:09:03:50 +0000] (0 s) "GET / HTTP/1.1" 301 - "-" "Mozilla/5.0 (X11; Linux x86_64) AppleWebKit/537.36 (KHTML, like Gecko) Chrome/108.0.0.0 Safari/537.36" la-magicieuse.org
139.59.167.219 - - [12/Jun/2023:09:03:51 +0000] (0 s) "GET / HTTP/1.1" 301 - "-" "Mozilla/5.0 (X11; Linux x86_64) AppleWebKit/537.36 (KHTML, like Gecko) Chrome/108.0.0.0 Safari/537.36" www.la-magicieuse.org
172.22.2.230 - - [12/Jun/2023:09:05:22 +0000] (0 s) "POST /wp-cron.php?doing_wp_cron=1686560722.5900359153747558593750 HTTP/1.1" 200 - "https://www.la-magicieuse.org/wp-cron.php?doing_wp_cron=1686560722.5900359153747558593750" "WordPress/6.1.3; https://www.la-magicieuse.org" www.la-magicieuse.org
212.142.103.56 - - [12/Jun/2023:09:05:22 +0000] (0 s) "GET /auteurs/auteurices/paolo-valentini/ HTTP/1.1" 200 6997 "-" "Mozilla/5.0 (compatible; GeedoBot; +http://www.geedo.com/bot.html)" www.la-magicieuse.org
212.142.103.56 - - [12/Jun/2023:09:05:37 +0000] (0 s) "GET /collections/goodies/ HTTP/1.1" 200 7646 "-" "Mozilla/5.0 (compatible; GeedoBot; +http://www.geedo.com/bot.html)" www.la-magicieuse.org
212.142.103.56 - - [12/Jun/2023:09:05:52 +0000] (0 s) "GET /produit/la-magicieuse/ HTTP/1.1" 200 9483 "-" "Mozilla/5.0 (compatible; GeedoBot; +http://www.geedo.com/bot.html)" www.la-magicieuse.org
172.22.2.230 - - [12/Jun/2023:09:06:07 +0000] (0 s) "POST /wp-cron.php?doing_wp_cron=1686560767.3670299053192138671875 HTTP/1.1" 200 - "https://www.la-magicieuse.org/wp-cron.php?doing_wp_cron=1686560767.3670299053192138671875" "WordPress/6.1.3; https://www.la-magicieuse.org" www.la-magicieuse.org
212.142.103.56 - - [12/Jun/2023:09:06:07 +0000] (0 s) "GET /produit/non-cest-grace-a-nous-deux/ HTTP/1.1" 200 9823 "-" "Mozilla/5.0 (compatible; GeedoBot; +http://www.geedo.com/bot.html)" www.la-magicieuse.org
172.22.2.230 - - [12/Jun/2023:09:08:14 +0000] (0 s) "POST /wp-cron.php?doing_wp_cron=1686560894.7372469902038574218750 HTTP/1.1" 200 - "https://www.la-magicieuse.org/wp-cron.php?doing_wp_cron=1686560894.7372469902038574218750" "WordPress/6.1.3; https://www.la-magicieuse.org" www.la-magicieuse.org
46.23.42.42 - - [12/Jun/2023:09:08:14 +0000] (0 s) "GET /auteurs/illustrateurices/lucenbleu/ HTTP/1.1" 200 6881 "-" "Mozilla/5.0 (compatible; GeedoBot; +http://www.geedo.com/bot.html)" www.la-magicieuse.org
46.23.42.42 - - [12/Jun/2023:09:08:29 +0000] (0 s) "GET /collections/hors-collection/ HTTP/1.1" 200 6408 "-" "Mozilla/5.0 (compatible; GeedoBot; +http://www.geedo.com/bot.html)" www.la-magicieuse.org
212.142.103.56 - - [12/Jun/2023:09:08:44 +0000] (0 s) "GET /etiquette-produit/affiche/ HTTP/1.1" 200 6975 "-" "Mozilla/5.0 (compatible; GeedoBot; +http://www.geedo.com/bot.html)" www.la-magicieuse.org
212.142.103.56 - - [12/Jun/2023:09:08:59 +0000] (0 s) "GET /produit/rio-et-moheuz-2/ HTTP/1.1" 200 9237 "-" "Mozilla/5.0 (compatible; GeedoBot; +http://www.geedo.com/bot.html)" www.la-magicieuse.org
172.22.2.230 - - [12/Jun/2023:09:10:46 +0000] (0 s) "POST /wp-cron.php?doing_wp_cron=1686561045.9942040443420410156250 HTTP/1.1" 200 - "https://www.la-magicieuse.org/wp-cron.php?doing_wp_cron=1686561045.9942040443420410156250" "WordPress/6.1.3; https://www.la-magicieuse.org" www.la-magicieuse.org
54.36.148.188 - - [12/Jun/2023:09:10:45 +0000] (0 s) "GET /collections/la-mufassette/ HTTP/1.1" 200 7747 "-" "Mozilla/5.0 (compatible; AhrefsBot/7.0; +http://ahrefs.com/robot/)" www.la-magicieuse.org
54.36.148.98 - - [12/Jun/2023:09:10:47 +0000] (0 s) "GET /wp-content/uploads/2022/01/1ereCouverture_2-300x300.jpg HTTP/1.1" 200 21233 "-" "Mozilla/5.0 (compatible; AhrefsBot/7.0; +http://ahrefs.com/robot/)" www.la-magicieuse.org
54.36.148.249 - - [12/Jun/2023:09:10:47 +0000] (0 s) "GET /wp-content/uploads/2019/05/JimTo.Couv_-300x300.jpg HTTP/1.1" 200 26943 "-" "Mozilla/5.0 (compatible; AhrefsBot/7.0; +http://ahrefs.com/robot/)" www.la-magicieuse.org
54.36.148.224 - - [12/Jun/2023:09:10:47 +0000] (0 s) "GET /wp-content/uploads/2020/12/LRBD_1ercouv_-300x300.jpg HTTP/1.1" 200 23411 "-" "Mozilla/5.0 (compatible; AhrefsBot/7.0; +http://ahrefs.com/robot/)" www.la-magicieuse.org
54.36.148.97 - - [12/Jun/2023:09:10:47 +0000] (0 s) "GET /wp-content/uploads/2021/04/couv_haloevtun_1ere-300x300.jpg HTTP/1.1" 200 32051 "-" "Mozilla/5.0 (compatible; AhrefsBot/7.0; +http://ahrefs.com/robot/)" www.la-magicieuse.org
54.36.148.11 - - [12/Jun/2023:09:10:47 +0000] (0 s) "GET /wp-content/uploads/2020/02/Couv_Shoah-300x300.jpg HTTP/1.1" 200 16865 "-" "Mozilla/5.0 (compatible; AhrefsBot/7.0; +http://ahrefs.com/robot/)" www.la-magicieuse.org
54.36.148.85 - - [12/Jun/2023:09:10:47 +0000] (0 s) "GET /wp-content/uploads/2018/12/sheenay-300x300.png HTTP/1.1" 200 91929 "-" "Mozilla/5.0 (compatible; AhrefsBot/7.0; +http://ahrefs.com/robot/)" www.la-magicieuse.org
172.22.2.230 - - [12/Jun/2023:09:11:13 +0000] (0 s) "POST /wp-cron.php?doing_wp_cron=1686561073.5605370998382568359375 HTTP/1.1" 200 - "https://www.la-magicieuse.org/wp-cron.php?doing_wp_cron=1686561073.5605370998382568359375" "WordPress/6.1.3; https://www.la-magicieuse.org" www.la-magicieuse.org
109.229.213.23 - - [12/Jun/2023:09:11:13 +0000] (0 s) "GET /auteurs/illustrateurices/florene-vaxelaire/ HTTP/1.1" 200 7021 "-" "Mozilla/5.0 (compatible; GeedoBot; +http://www.geedo.com/bot.html)" www.la-magicieuse.org
109.229.213.23 - - [12/Jun/2023:09:11:28 +0000] (0 s) "GET /collections/le-chameau-borgne/ HTTP/1.1" 200 7261 "-" "Mozilla/5.0 (compatible; GeedoBot; +http://www.geedo.com/bot.html)" www.la-magicieuse.org
109.229.213.23 - - [12/Jun/2023:09:11:43 +0000] (0 s) "GET /produit/jimto/ HTTP/1.1" 200 10343 "-" "Mozilla/5.0 (compatible; GeedoBot; +http://www.geedo.com/bot.html)" www.la-magicieuse.org
46.23.42.42 - - [12/Jun/2023:09:11:58 +0000] (0 s) "GET /nos-artistes/ HTTP/1.1" 200 8065 "-" "Mozilla/5.0 (compatible; GeedoBot; +http://www.geedo.com/bot.html)" www.la-magicieuse.org
43.134.118.155 - - [12/Jun/2023:09:12:55 +0000] (0 s) "GET /wp-admin/css/ HTTP/1.1" 403 199 "binance.com" "Mozilla/5.0 (Windows NT 10.0; Win64; x64) AppleWebKit/537.36 (KHTML, like Gecko) Chrome/90.0.4430.85 Safari/537.36" www.la-magicieuse.org
172.22.2.230 - - [12/Jun/2023:09:15:49 +0000] (0 s) "POST /wp-cron.php?doing_wp_cron=1686561349.5600030422210693359375 HTTP/1.1" 200 - "https://www.la-magicieuse.org/wp-cron.php?doing_wp_cron=1686561349.5600030422210693359375" "WordPress/6.1.3; https://www.la-magicieuse.org" www.la-magicieuse.org
212.142.103.56 - - [12/Jun/2023:09:15:49 +0000] (0 s) "GET /auteurs/illustrateurices/facundo-varas/ HTTP/1.1" 200 6965 "-" "Mozilla/5.0 (compatible; GeedoBot; +http://www.geedo.com/bot.html)" www.la-magicieuse.org
212.142.103.56 - - [12/Jun/2023:09:16:04 +0000] (0 s) "GET /auteurs/illustrateurices/ HTTP/1.1" 200 8401 "-" "Mozilla/5.0 (compatible; GeedoBot; +http://www.geedo.com/bot.html)" www.la-magicieuse.org
172.22.2.230 - - [12/Jun/2023:09:16:19 +0000] (0 s) "POST /wp-cron.php?doing_wp_cron=1686561379.1629540920257568359375 HTTP/1.1" 200 - "https://www.la-magicieuse.org/wp-cron.php?doing_wp_cron=1686561379.1629540920257568359375" "WordPress/6.1.3; https://www.la-magicieuse.org" www.la-magicieuse.org
109.229.213.23 - - [12/Jun/2023:09:16:19 +0000] (0 s) "GET /auteurs/autillustrateurices/jean-pierre-lamerand/ HTTP/1.1" 200 7016 "-" "Mozilla/5.0 (compatible; GeedoBot; +http://www.geedo.com/bot.html)" www.la-magicieuse.org
212.142.103.56 - - [12/Jun/2023:09:16:34 +0000] (0 s) "GET / HTTP/1.1" 200 6626 "-" "Mozilla/5.0 (compatible; GeedoBot; +http://www.geedo.com/bot.html)" www.la-magicieuse.org
172.22.2.230 - - [12/Jun/2023:09:20:00 +0000] (0 s) "POST /wp-cron.php?doing_wp_cron=1686561600.8941969871520996093750 HTTP/1.1" 200 - "https://www.la-magicieuse.org/wp-cron.php?doing_wp_cron=1686561600.8941969871520996093750" "WordPress/6.1.3; https://www.la-magicieuse.org" www.la-magicieuse.org
46.23.42.42 - - [12/Jun/2023:09:20:00 +0000] (0 s) "GET /auteurs/autillustrateurices/ HTTP/1.1" 200 6987 "-" "Mozilla/5.0 (compatible; GeedoBot; +http://www.geedo.com/bot.html)" www.la-magicieuse.org
172.22.2.230 - - [12/Jun/2023:09:20:08 +0000] (0 s) "POST /wp-cron.php?doing_wp_cron=1686561608.8154220581054687500000 HTTP/1.1" 200 - "https://www.la-magicieuse.org/wp-cron.php?doing_wp_cron=1686561608.8154220581054687500000" "WordPress/6.1.3; https://www.la-magicieuse.org" www.la-magicieuse.org
103.166.183.192 - - [12/Jun/2023:09:20:08 +0000] (0 s) "POST /wp-login.php HTTP/1.1" 200 2702 "-" "Mozilla/5.0 (Windows NT 6.1; Win64; x64) AppleWebKit/537.36 (KHTML, like Gecko) Chrome/70.0.3538.67 Safari/537.36" www.la-magicieuse.org
46.23.42.42 - - [12/Jun/2023:09:20:15 +0000] (0 s) "GET /la-charte-de-la-magicieuse/ HTTP/1.1" 200 7278 "-" "Mozilla/5.0 (compatible; GeedoBot; +http://www.geedo.com/bot.html)" www.la-magicieuse.org
46.23.42.42 - - [12/Jun/2023:09:20:30 +0000] (0 s) "GET /les-artistes/?pwb-page=2 HTTP/1.1" 200 7068 "-" "Mozilla/5.0 (compatible; GeedoBot; +http://www.geedo.com/bot.html)" www.la-magicieuse.org
46.23.42.42 - - [12/Jun/2023:09:20:45 +0000] (0 s) "GET /produit/jimto-2/ HTTP/1.1" 200 9138 "-" "Mozilla/5.0 (compatible; GeedoBot; +http://www.geedo.com/bot.html)" www.la-magicieuse.org
172.22.2.230 - - [12/Jun/2023:09:23:45 +0000] (0 s) "POST /wp-cron.php?doing_wp_cron=1686561825.6978640556335449218750 HTTP/1.1" 200 - "https://www.la-magicieuse.org/wp-cron.php?doing_wp_cron=1686561825.6978640556335449218750" "WordPress/6.1.3; https://www.la-magicieuse.org" www.la-magicieuse.org
212.142.103.56 - - [12/Jun/2023:09:23:45 +0000] (0 s) "GET /auteurs/illustrateurices/denise-pequignot/ HTTP/1.1" 200 7076 "-" "Mozilla/5.0 (compatible; GeedoBot; +http://www.geedo.com/bot.html)" www.la-magicieuse.org
109.229.213.23 - - [12/Jun/2023:09:24:00 +0000] (0 s) "GET /produit/ou-est-passee-ma-soeur/ HTTP/1.1" 200 10366 "-" "Mozilla/5.0 (compatible; GeedoBot; +http://www.geedo.com/bot.html)" www.la-magicieuse.org
172.22.2.230 - - [12/Jun/2023:09:24:15 +0000] (0 s) "POST /wp-cron.php?doing_wp_cron=1686561855.0582358837127685546875 HTTP/1.1" 200 - "https://www.la-magicieuse.org/wp-cron.php?doing_wp_cron=1686561855.0582358837127685546875" "WordPress/6.1.3; https://www.la-magicieuse.org" www.la-magicieuse.org
46.23.42.42 - - [12/Jun/2023:09:24:14 +0000] (0 s) "GET /les-artistes/?pwb-page=1 HTTP/1.1" 200 7053 "-" "Mozilla/5.0 (compatible; GeedoBot; +http://www.geedo.com/bot.html)" www.la-magicieuse.org
46.23.42.42 - - [12/Jun/2023:09:24:29 +0000] (0 s) "GET /remerciements/ HTTP/1.1" 200 7169 "-" "Mozilla/5.0 (compatible; GeedoBot; +http://www.geedo.com/bot.html)" www.la-magicieuse.org
66.249.64.102 - - [12/Jun/2023:09:25:32 +0000] (0 s) "GET /wp-content/uploads/2020/02/Couv_RetM-300x300.jpg HTTP/1.1" 200 37324 "-" "Googlebot-Image/1.0" www.la-magicieuse.org
172.22.2.230 - - [12/Jun/2023:09:27:21 +0000] (0 s) "POST /wp-cron.php?doing_wp_cron=1686562041.6341869831085205078125 HTTP/1.1" 200 - "https://www.la-magicieuse.org/wp-cron.php?doing_wp_cron=1686562041.6341869831085205078125" "WordPress/6.1.3; https://www.la-magicieuse.org" www.la-magicieuse.org
109.229.213.23 - - [12/Jun/2023:09:27:21 +0000] (0 s) "GET /produit/on-descend-2/ HTTP/1.1" 200 9651 "-" "Mozilla/5.0 (compatible; GeedoBot; +http://www.geedo.com/bot.html)" www.la-magicieuse.org
212.142.103.56 - - [12/Jun/2023:09:27:36 +0000] (0 s) "GET /les-artistes/?pwb-page=3 HTTP/1.1" 200 6795 "-" "Mozilla/5.0 (compatible; GeedoBot; +http://www.geedo.com/bot.html)" www.la-magicieuse.org
46.23.42.42 - - [12/Jun/2023:09:27:51 +0000] (0 s) "GET /la-magicieuse-2/ HTTP/1.1" 200 6511 "-" "Mozilla/5.0 (compatible; GeedoBot; +http://www.geedo.com/bot.html)" www.la-magicieuse.org
172.22.2.230 - - [12/Jun/2023:09:28:06 +0000] (0 s) "POST /wp-cron.php?doing_wp_cron=1686562086.3875069618225097656250 HTTP/1.1" 200 - "https://www.la-magicieuse.org/wp-cron.php?doing_wp_cron=1686562086.3875069618225097656250" "WordPress/6.1.3; https://www.la-magicieuse.org" www.la-magicieuse.org
109.229.213.23 - - [12/Jun/2023:09:28:06 +0000] (0 s) "GET /boutique/ HTTP/1.1" 200 8401 "-" "Mozilla/5.0 (compatible; GeedoBot; +http://www.geedo.com/bot.html)" www.la-magicieuse.org
172.22.2.230 - - [12/Jun/2023:09:31:15 +0000] (0 s) "POST /wp-cron.php?doing_wp_cron=1686562275.8038980960845947265625 HTTP/1.1" 200 - "https://www.la-magicieuse.org/wp-cron.php?doing_wp_cron=1686562275.8038980960845947265625" "WordPress/6.1.3; https://www.la-magicieuse.org" www.la-magicieuse.org
46.23.42.42 - - [12/Jun/2023:09:31:15 +0000] (0 s) "GET /auteurs/illustrateurices/page/2/ HTTP/1.1" 200 7058 "-" "Mozilla/5.0 (compatible; GeedoBot; +http://www.geedo.com/bot.html)" www.la-magicieuse.org
46.23.42.42 - - [12/Jun/2023:09:31:30 +0000] (0 s) "GET /boutique/page/2/ HTTP/1.1" 200 7285 "-" "Mozilla/5.0 (compatible; GeedoBot; +http://www.geedo.com/bot.html)" www.la-magicieuse.org
109.229.213.23 - - [12/Jun/2023:09:31:45 +0000] (0 s) "GET /collections/la-karnovora/ HTTP/1.1" 200 7288 "-" "Mozilla/5.0 (compatible; GeedoBot; +http://www.geedo.com/bot.html)" www.la-magicieuse.org
46.23.42.42 - - [12/Jun/2023:09:32:00 +0000] (0 s) "GET /auteurs/traductrice-traducteur/ HTTP/1.1" 200 6992 "-" "Mozilla/5.0 (compatible; GeedoBot; +http://www.geedo.com/bot.html)" www.la-magicieuse.org
172.22.2.230 - - [12/Jun/2023:09:34:36 +0000] (0 s) "POST /wp-cron.php?doing_wp_cron=1686562476.3955209255218505859375 HTTP/1.1" 200 - "https://www.la-magicieuse.org/wp-cron.php?doing_wp_cron=1686562476.3955209255218505859375" "WordPress/6.1.3; https://www.la-magicieuse.org" www.la-magicieuse.org
109.229.213.23 - - [12/Jun/2023:09:34:36 +0000] (0 s) "GET /auteurs/illustrateurices/page/1/ HTTP/1.1" 301 - "-" "Mozilla/5.0 (compatible; GeedoBot; +http://www.geedo.com/bot.html)" www.la-magicieuse.org
212.142.103.56 - - [12/Jun/2023:09:34:36 +0000] (0 s) "GET /auteurs/illustrateurices/ HTTP/1.1" 200 8401 "-" "Mozilla/5.0 (compatible; GeedoBot; +http://www.geedo.com/bot.html)" www.la-magicieuse.org
46.23.42.42 - - [12/Jun/2023:09:34:51 +0000] (0 s) "GET /boutique/page/1/ HTTP/1.1" 301 - "-" "Mozilla/5.0 (compatible; GeedoBot; +http://www.geedo.com/bot.html)" www.la-magicieuse.org
46.23.42.42 - - [12/Jun/2023:09:34:51 +0000] (0 s) "GET /boutique/ HTTP/1.1" 200 8401 "-" "Mozilla/5.0 (compatible; GeedoBot; +http://www.geedo.com/bot.html)" www.la-magicieuse.org
172.22.2.230 - - [12/Jun/2023:09:35:06 +0000] (0 s) "POST /wp-cron.php?doing_wp_cron=1686562506.2064850330352783203125 HTTP/1.1" 200 - "https://www.la-magicieuse.org/wp-cron.php?doing_wp_cron=1686562506.2064850330352783203125" "WordPress/6.1.3; https://www.la-magicieuse.org" www.la-magicieuse.org
212.142.103.56 - - [12/Jun/2023:09:35:06 +0000] (0 s) "GET /collections/les-poings-fissures/ HTTP/1.1" 200 7207 "-" "Mozilla/5.0 (compatible; GeedoBot; +http://www.geedo.com/bot.html)" www.la-magicieuse.org
212.142.103.56 - - [12/Jun/2023:09:35:21 +0000] (0 s) "GET /mon-compte/ HTTP/1.1" 200 7049 "-" "Mozilla/5.0 (compatible; GeedoBot; +http://www.geedo.com/bot.html)" www.la-magicieuse.org
66.249.64.103 - - [12/Jun/2023:09:35:22 +0000] (0 s) "GET /produit/ou-est-passee-ma-soeur/ HTTP/1.1" 200 10349 "-" "Mozilla/5.0 (Linux; Android 6.0.1; Nexus 5X Build/MMB29P) AppleWebKit/537.36 (KHTML, like Gecko) Chrome/114.0.5735.90 Mobile Safari/537.36 (compatible; Googlebot/2.1; +http://www.google.com/bot.html)" www.la-magicieuse.org
66.249.64.103 - - [12/Jun/2023:09:35:36 +0000] (0 s) "GET /wp-content/plugins/woocommerce/assets/css/woocommerce-smallscreen.css?ver=3.9.5 HTTP/1.1" 200 1055 "https://www.la-magicieuse.org/produit/ou-est-passee-ma-soeur/" "Mozilla/5.0 (Linux; Android 6.0.1; Nexus 5X Build/MMB29P) AppleWebKit/537.36 (KHTML, like Gecko) Chrome/112.0.5615.142 Mobile Safari/537.36 (compatible; Googlebot/2.1; +http://www.google.com/bot.html)" www.la-magicieuse.org
66.249.64.102 - - [12/Jun/2023:09:35:36 +0000] (0 s) "GET /wp-content/plugins/woocommerce/assets/js/js-cookie/js.cookie.min.js?ver=2.1.4 HTTP/1.1" 200 981 "https://www.la-magicieuse.org/produit/ou-est-passee-ma-soeur/" "Mozilla/5.0 (Linux; Android 6.0.1; Nexus 5X Build/MMB29P) AppleWebKit/537.36 (KHTML, like Gecko) Chrome/112.0.5615.142 Mobile Safari/537.36 (compatible; Googlebot/2.1; +http://www.google.com/bot.html)" www.la-magicieuse.org
66.249.64.103 - - [12/Jun/2023:09:35:36 +0000] (0 s) "GET /wp-content/themes/lamagicieuse/style.css?ver=6.1.3 HTTP/1.1" 200 4537 "https://www.la-magicieuse.org/produit/ou-est-passee-ma-soeur/" "Mozilla/5.0 (Linux; Android 6.0.1; Nexus 5X Build/MMB29P) AppleWebKit/537.36 (KHTML, like Gecko) Chrome/112.0.5615.142 Mobile Safari/537.36 (compatible; Googlebot/2.1; +http://www.google.com/bot.html)" www.la-magicieuse.org
66.249.64.102 - - [12/Jun/2023:09:35:36 +0000] (0 s) "GET /wp-content/plugins/woocommerce/assets/css/photoswipe/default-skin/default-skin.min.css?ver=3.9.5 HTTP/1.1" 200 1915 "https://www.la-magicieuse.org/produit/ou-est-passee-ma-soeur/" "Mozilla/5.0 (Linux; Android 6.0.1; Nexus 5X Build/MMB29P) AppleWebKit/537.36 (KHTML, like Gecko) Chrome/112.0.5615.142 Mobile Safari/537.36 (compatible; Googlebot/2.1; +http://www.google.com/bot.html)" www.la-magicieuse.org
66.249.64.103 - - [12/Jun/2023:09:35:36 +0000] (0 s) "GET /wp-content/plugins/woocommerce/assets/css/photoswipe/photoswipe.min.css?ver=3.9.5 HTTP/1.1" 200 938 "https://www.la-magicieuse.org/produit/ou-est-passee-ma-soeur/" "Mozilla/5.0 (Linux; Android 6.0.1; Nexus 5X Build/MMB29P) AppleWebKit/537.36 (KHTML, like Gecko) Chrome/112.0.5615.142 Mobile Safari/537.36 (compatible; Googlebot/2.1; +http://www.google.com/bot.html)" www.la-magicieuse.org
66.249.64.102 - - [12/Jun/2023:09:35:37 +0000] (0 s) "GET /wp-content/plugins/woocommerce/assets/js/jquery-blockui/jquery.blockUI.min.js?ver=2.70 HTTP/1.1" 200 3533 "https://www.la-magicieuse.org/produit/ou-est-passee-ma-soeur/" "Mozilla/5.0 (Linux; Android 6.0.1; Nexus 5X Build/MMB29P) AppleWebKit/537.36 (KHTML, like Gecko) Chrome/112.0.5615.142 Mobile Safari/537.36 (compatible; Googlebot/2.1; +http://www.google.com/bot.html)" www.la-magicieuse.org
66.249.64.102 - - [12/Jun/2023:09:35:37 +0000] (0 s) "GET /wp-content/themes/wp-bootstrap-starter/inc/assets/js/theme-script.min.js?ver=6.1.3 HTTP/1.1" 200 864 "https://www.la-magicieuse.org/produit/ou-est-passee-ma-soeur/" "Mozilla/5.0 (Linux; Android 6.0.1; Nexus 5X Build/MMB29P) AppleWebKit/537.36 (KHTML, like Gecko) Chrome/112.0.5615.142 Mobile Safari/537.36 (compatible; Googlebot/2.1; +http://www.google.com/bot.html)" www.la-magicieuse.org
66.249.64.103 - - [12/Jun/2023:09:35:38 +0000] (0 s) "GET /wp-content/plugins/woocommerce/assets/css/woocommerce.css?ver=3.9.5 HTTP/1.1" 200 8820 "https://www.la-magicieuse.org/produit/ou-est-passee-ma-soeur/" "Mozilla/5.0 (Linux; Android 6.0.1; Nexus 5X Build/MMB29P) AppleWebKit/537.36 (KHTML, like Gecko) Chrome/112.0.5615.142 Mobile Safari/537.36 (compatible; Googlebot/2.1; +http://www.google.com/bot.html)" www.la-magicieuse.org
66.249.64.102 - - [12/Jun/2023:09:35:38 +0000] (0 s) "GET /wp-content/plugins/woocommerce/assets/js/photoswipe/photoswipe-ui-default.min.js?ver=4.1.1 HTTP/1.1" 200 3755 "https://www.la-magicieuse.org/produit/ou-est-passee-ma-soeur/" "Mozilla/5.0 (Linux; Android 6.0.1; Nexus 5X Build/MMB29P) AppleWebKit/537.36 (KHTML, like Gecko) Chrome/112.0.5615.142 Mobile Safari/537.36 (compatible; Googlebot/2.1; +http://www.google.com/bot.html)" www.la-magicieuse.org
66.249.64.103 - - [12/Jun/2023:09:35:38 +0000] (0 s) "GET /wp-includes/css/classic-themes.min.css?ver=1 HTTP/1.1" 200 189 "https://www.la-magicieuse.org/produit/ou-est-passee-ma-soeur/" "Mozilla/5.0 (Linux; Android 6.0.1; Nexus 5X Build/MMB29P) AppleWebKit/537.36 (KHTML, like Gecko) Chrome/112.0.5615.142 Mobile Safari/537.36 (compatible; Googlebot/2.1; +http://www.google.com/bot.html)" www.la-magicieuse.org
66.249.64.103 - - [12/Jun/2023:09:35:39 +0000] (0 s) "GET /wp-content/plugins/woocommerce/assets/js/frontend/woocommerce.min.js?ver=3.9.5 HTTP/1.1" 200 767 "https://www.la-magicieuse.org/produit/ou-est-passee-ma-soeur/" "Mozilla/5.0 (Linux; Android 6.0.1; Nexus 5X Build/MMB29P) AppleWebKit/537.36 (KHTML, like Gecko) Chrome/112.0.5615.142 Mobile Safari/537.36 (compatible; Googlebot/2.1; +http://www.google.com/bot.html)" www.la-magicieuse.org
66.249.64.102 - - [12/Jun/2023:09:35:39 +0000] (0 s) "GET /wp-includes/css/dist/block-library/style.min.css?ver=6.1.3 HTTP/1.1" 200 12540 "https://www.la-magicieuse.org/produit/ou-est-passee-ma-soeur/" "Mozilla/5.0 (Linux; Android 6.0.1; Nexus 5X Build/MMB29P) AppleWebKit/537.36 (KHTML, like Gecko) Chrome/112.0.5615.142 Mobile Safari/537.36 (compatible; Googlebot/2.1; +http://www.google.com/bot.html)" www.la-magicieuse.org
66.249.64.103 - - [12/Jun/2023:09:35:39 +0000] (0 s) "POST /?wc-ajax=get_refreshed_fragments HTTP/1.1" 200 159 "https://www.la-magicieuse.org/produit/ou-est-passee-ma-soeur/" "Mozilla/5.0 (Linux; Android 6.0.1; Nexus 5X Build/MMB29P) AppleWebKit/537.36 (KHTML, like Gecko) Chrome/112.0.5615.142 Mobile Safari/537.36 (compatible; Googlebot/2.1; +http://www.google.com/bot.html)" www.la-magicieuse.org
172.22.2.230 - - [12/Jun/2023:09:38:37 +0000] (0 s) "POST /wp-cron.php?doing_wp_cron=1686562717.5318789482116699218750 HTTP/1.1" 200 - "https://www.la-magicieuse.org/wp-cron.php?doing_wp_cron=1686562717.5318789482116699218750" "WordPress/6.1.3; https://www.la-magicieuse.org" www.la-magicieuse.org
109.229.213.23 - - [12/Jun/2023:09:38:37 +0000] (0 s) "GET /mon-compte/lost-password/ HTTP/1.1" 200 7889 "-" "Mozilla/5.0 (compatible; GeedoBot; +http://www.geedo.com/bot.html)" www.la-magicieuse.org
172.22.2.230 - - [12/Jun/2023:10:02:33 +0000] (0 s) "POST /wp-cron.php?doing_wp_cron=1686564153.8729150295257568359375 HTTP/1.1" 200 - "https://www.la-magicieuse.org/wp-cron.php?doing_wp_cron=1686564153.8729150295257568359375" "WordPress/6.1.3; https://www.la-magicieuse.org" www.la-magicieuse.org
66.249.64.103 - - [12/Jun/2023:10:02:33 +0000] (0 s) "GET /auteurs/auteurs-autrices/damayanthi-ravindher-auteurs-autrices/ HTTP/1.1" 200 6972 "-" "Mozilla/5.0 (Linux; Android 6.0.1; Nexus 5X Build/MMB29P) AppleWebKit/537.36 (KHTML, like Gecko) Chrome/114.0.5735.90 Mobile Safari/537.36 (compatible; Googlebot/2.1; +http://www.google.com/bot.html)" www.la-magicieuse.org
185.66.69.19 - - [12/Jun/2023:10:02:40 +0000] (0 s) "POST /wp-login.php HTTP/1.1" 200 2738 "-" "Mozilla/5.0 (Windows NT 6.1; Win64; x64) AppleWebKit/537.36 (KHTML, like Gecko) Chrome/80.0.3987.106 Safari/537.36" www.la-magicieuse.org
172.22.2.230 - - [12/Jun/2023:10:10:13 +0000] (0 s) "POST /wp-cron.php?doing_wp_cron=1686564613.3975710868835449218750 HTTP/1.1" 200 - "https://www.la-magicieuse.org/wp-cron.php?doing_wp_cron=1686564613.3975710868835449218750" "WordPress/6.1.3; https://www.la-magicieuse.org" www.la-magicieuse.org
27.72.56.240 - - [12/Jun/2023:10:10:13 +0000] (0 s) "POST /xmlrpc.php HTTP/1.1" 200 410 "-" "Mozilla/5.0 (Windows NT 10.0; Win64; x64) AppleWebKit/537.36 (KHTML, like Gecko) Chrome/65.0.3325.181 Safari/537.36" www.la-magicieuse.org
2a01:4f8:10a:21a5::2 - - [12/Jun/2023:10:10:18 +0000] (0 s) "POST /xmlrpc.php HTTP/1.1" 200 410 "-" "Mozilla/5.0 (Windows NT 6.1; WOW64; rv:17.0) Gecko/20100101 Firefox/17.0" www.la-magicieuse.org
103.106.104.34 - - [12/Jun/2023:10:10:24 +0000] (0 s) "POST /xmlrpc.php HTTP/1.1" 200 410 "-" "Mozilla/5.0 (Windows NT 10.0; Win64; x64) AppleWebKit/537.36 (KHTML, like Gecko) Chrome/90.0.4430.93 Safari/537.36" www.la-magicieuse.org
2401:c080:2400:1fe1:5400:4ff:fe46:1962 - - [12/Jun/2023:10:10:27 +0000] (0 s) "POST /xmlrpc.php HTTP/1.1" 200 410 "-" "Mozilla/5.0 (Windows NT 6.1; Win64; x64) AppleWebKit/537.36 (KHTML, like Gecko) Chrome/79.0.3945.88 Safari/537.36" www.la-magicieuse.org
66.94.107.15 - - [12/Jun/2023:10:10:30 +0000] (0 s) "POST /xmlrpc.php HTTP/1.1" 200 410 "-" "Mozilla/5.0 (Windows NT 6.1; Win64; x64; rv:61.0) Gecko/20100101 Firefox/61.0" www.la-magicieuse.org
141.95.18.251 - - [12/Jun/2023:10:10:35 +0000] (0 s) "POST /xmlrpc.php HTTP/1.1" 200 410 "-" "Mozilla/5.0 (Windows NT 6.1; rv:52.0) Gecko/20100101 Firefox/52.0" www.la-magicieuse.org
89.46.109.214 - - [12/Jun/2023:10:10:54 +0000] (0 s) "POST /xmlrpc.php HTTP/1.1" 200 410 "-" "Mozilla/5.0 (Windows NT 5.1; rv:33.0) Gecko/20100101 Firefox/33.0" www.la-magicieuse.org
27.72.56.240 - - [12/Jun/2023:10:10:59 +0000] (0 s) "POST /xmlrpc.php HTTP/1.1" 200 410 "-" "Mozilla/5.0 (Windows NT 10.0; Win64; x64) AppleWebKit/537.36 (KHTML, like Gecko) Chrome/60.0.3112.113 Safari/537.36" www.la-magicieuse.org
207.148.79.221 - - [12/Jun/2023:10:11:04 +0000] (0 s) "POST /xmlrpc.php HTTP/1.1" 200 410 "-" "Mozilla/5.0 (Windows NT 10.0; Win64; x64; rv:63.0) Gecko/20100101 Firefox/63.0" www.la-magicieuse.org
172.22.2.230 - - [12/Jun/2023:10:11:20 +0000] (0 s) "POST /wp-cron.php?doing_wp_cron=1686564680.7056651115417480468750 HTTP/1.1" 200 - "https://www.la-magicieuse.org/wp-cron.php?doing_wp_cron=1686564680.7056651115417480468750" "WordPress/6.1.3; https://www.la-magicieuse.org" www.la-magicieuse.org
138.121.228.47 - - [12/Jun/2023:10:11:20 +0000] (0 s) "POST /xmlrpc.php HTTP/1.1" 200 410 "-" "Mozilla/5.0 (Windows NT 5.1; rv:33.0) Gecko/20100101 Firefox/33.0" www.la-magicieuse.org
2a01:4f8:242:3f53::2 - - [12/Jun/2023:10:11:21 +0000] (0 s) "POST /xmlrpc.php HTTP/1.1" 200 410 "-" "Mozilla/5.0 (Windows NT 10.0; Win64; x64) AppleWebKit/537.36 (KHTML, like Gecko) Chrome/83.0.4103.116 Safari/537.36" www.la-magicieuse.org
172.22.2.230 - - [12/Jun/2023:10:33:30 +0000] (0 s) "POST /wp-cron.php?doing_wp_cron=1686566010.3080270290374755859375 HTTP/1.1" 200 - "https://www.la-magicieuse.org/wp-cron.php?doing_wp_cron=1686566010.3080270290374755859375" "WordPress/6.1.3; https://www.la-magicieuse.org" www.la-magicieuse.org
2001:bc8:62c:1031::1 - - [12/Jun/2023:10:33:30 +0000] (0 s) "POST /wp-login.php HTTP/1.1" 200 2738 "-" "Mozilla/5.0 (Windows NT 6.1; Win64; x64) AppleWebKit/537.36 (KHTML, like Gecko) Chrome/70.0.3538.67 Safari/537.36" www.la-magicieuse.org
172.22.2.230 - - [12/Jun/2023:10:33:33 +0000] (0 s) "GET / HTTP/1.1" 200 6626 "https://www.la-magicieuse.org/" "WordPress/6.1.3; https://www.la-magicieuse.org" la-magicieuse.org
159.223.73.18 - - [12/Jun/2023:10:34:28 +0000] (0 s) "GET /wp-includes/wlwmanifest.xml HTTP/1.1" 200 460 "-" "python-requests/2.27.1" la-magicieuse.org
159.223.73.18 - - [12/Jun/2023:10:34:29 +0000] (0 s) "GET /administrator/index.php HTTP/1.1" 301 - "-" "python-requests/2.27.1" www.la-magicieuse.org
159.223.73.18 - - [12/Jun/2023:10:34:30 +0000] (0 s) "GET /administrator/ HTTP/1.1" 404 30437 "-" "python-requests/2.27.1" la-magicieuse.org
159.223.73.18 - - [12/Jun/2023:10:34:30 +0000] (0 s) "GET /view-source: HTTP/1.1" 301 - "-" "python-requests/2.27.1" www.la-magicieuse.org
159.223.73.18 - - [12/Jun/2023:10:34:31 +0000] (0 s) "GET /view-source: HTTP/1.1" 404 30437 "-" "python-requests/2.27.1" la-magicieuse.org
159.223.73.18 - - [12/Jun/2023:10:34:32 +0000] (0 s) "GET /misc/ajax.js HTTP/1.1" 301 - "-" "python-requests/2.27.1" www.la-magicieuse.org
159.223.73.18 - - [12/Jun/2023:10:34:33 +0000] (0 s) "GET /misc/ajax.js HTTP/1.1" 404 30437 "-" "python-requests/2.27.1" www.la-magicieuse.org
172.22.2.230 - - [12/Jun/2023:11:06:07 +0000] (0 s) "POST /wp-cron.php?doing_wp_cron=1686567967.3003199100494384765625 HTTP/1.1" 200 - "https://www.la-magicieuse.org/wp-cron.php?doing_wp_cron=1686567967.3003199100494384765625" "WordPress/6.1.3; https://www.la-magicieuse.org" www.la-magicieuse.org
66.249.64.104 - - [12/Jun/2023:11:06:06 +0000] (0 s) "GET /produit/ou-est-passee-ma-soeur/ HTTP/1.1" 200 10380 "-" "Mozilla/5.0 (Linux; Android 6.0.1; Nexus 5X Build/MMB29P) AppleWebKit/537.36 (KHTML, like Gecko) Chrome/114.0.5735.90 Mobile Safari/537.36 (compatible; Googlebot/2.1; +http://www.google.com/bot.html)" www.la-magicieuse.org
66.249.64.103 - - [12/Jun/2023:11:06:13 +0000] (0 s) "GET /wp-content/plugins/woocommerce/assets/js/frontend/add-to-cart.min.js?ver=3.9.5 HTTP/1.1" 200 1017 "https://www.la-magicieuse.org/produit/ou-est-passee-ma-soeur/" "Mozilla/5.0 (Linux; Android 6.0.1; Nexus 5X Build/MMB29P) AppleWebKit/537.36 (KHTML, like Gecko) Chrome/112.0.5615.142 Mobile Safari/537.36 (compatible; Googlebot/2.1; +http://www.google.com/bot.html)" www.la-magicieuse.org
66.249.64.102 - - [12/Jun/2023:11:06:14 +0000] (0 s) "GET /wp-content/plugins/woocommerce/assets/js/zoom/jquery.zoom.min.js?ver=1.7.21 HTTP/1.1" 200 1176 "https://www.la-magicieuse.org/produit/ou-est-passee-ma-soeur/" "Mozilla/5.0 (Linux; Android 6.0.1; Nexus 5X Build/MMB29P) AppleWebKit/537.36 (KHTML, like Gecko) Chrome/112.0.5615.142 Mobile Safari/537.36 (compatible; Googlebot/2.1; +http://www.google.com/bot.html)" www.la-magicieuse.org
66.249.64.103 - - [12/Jun/2023:11:06:15 +0000] (0 s) "POST /?wc-ajax=get_refreshed_fragments HTTP/1.1" 200 159 "https://www.la-magicieuse.org/produit/ou-est-passee-ma-soeur/" "Mozilla/5.0 (Linux; Android 6.0.1; Nexus 5X Build/MMB29P) AppleWebKit/537.36 (KHTML, like Gecko) Chrome/112.0.5615.142 Mobile Safari/537.36 (compatible; Googlebot/2.1; +http://www.google.com/bot.html)" www.la-magicieuse.org
172.22.2.230 - - [12/Jun/2023:11:07:20 +0000] (0 s) "POST /wp-cron.php?doing_wp_cron=1686568040.5781059265136718750000 HTTP/1.1" 200 - "https://www.la-magicieuse.org/wp-cron.php?doing_wp_cron=1686568040.5781059265136718750000" "WordPress/6.1.3; https://www.la-magicieuse.org" www.la-magicieuse.org
66.249.64.102 - - [12/Jun/2023:11:07:20 +0000] (0 s) "GET /boutique/ HTTP/1.1" 200 8401 "-" "Mozilla/5.0 (compatible; Googlebot/2.1; +http://www.google.com/bot.html)" www.la-magicieuse.org
66.249.64.103 - - [12/Jun/2023:11:07:55 +0000] (0 s) "GET /wp-content/themes/wp-bootstrap-starter/inc/assets/js/theme-script.min.js?ver=6.1.3 HTTP/1.1" 200 864 "https://www.la-magicieuse.org/boutique/" "Mozilla/5.0 AppleWebKit/537.36 (KHTML, like Gecko; compatible; Googlebot/2.1; +http://www.google.com/bot.html) Chrome/112.0.5615.142 Safari/537.36" www.la-magicieuse.org
66.249.64.102 - - [12/Jun/2023:11:07:56 +0000] (0 s) "POST /?wc-ajax=get_refreshed_fragments HTTP/1.1" 200 159 "https://www.la-magicieuse.org/boutique/" "Mozilla/5.0 AppleWebKit/537.36 (KHTML, like Gecko; compatible; Googlebot/2.1; +http://www.google.com/bot.html) Chrome/112.0.5615.142 Safari/537.36" la-magicieuse.org
66.249.70.161 - - [12/Jun/2023:11:08:20 +0000] (0 s) "GET /robots.txt HTTP/1.1" 301 - "-" "Mozilla/5.0 (compatible; Googlebot/2.1; +http://www.google.com/bot.html)" www.la-magicieuse.org
66.249.64.102 - - [12/Jun/2023:11:08:21 +0000] (0 s) "GET /robots.txt HTTP/1.1" 200 116 "-" "Mozilla/5.0 (compatible; Googlebot/2.1; +http://www.google.com/bot.html)" www.la-magicieuse.org
66.249.64.103 - - [12/Jun/2023:11:08:30 +0000] (0 s) "POST /?wc-ajax=get_refreshed_fragments HTTP/1.1" 200 159 "https://www.la-magicieuse.org/" "Mozilla/5.0 AppleWebKit/537.36 (KHTML, like Gecko; compatible; Googlebot/2.1; +http://www.google.com/bot.html) Chrome/112.0.5615.142 Safari/537.36" www.la-magicieuse.org
172.22.2.230 - - [12/Jun/2023:11:22:27 +0000] (0 s) "POST /wp-cron.php?doing_wp_cron=1686568947.2789230346679687500000 HTTP/1.1" 200 - "https://www.la-magicieuse.org/wp-cron.php?doing_wp_cron=1686568947.2789230346679687500000" "WordPress/6.1.3; https://www.la-magicieuse.org" www.la-magicieuse.org
27.72.56.240 - - [12/Jun/2023:11:22:26 +0000] (0 s) "POST /xmlrpc.php HTTP/1.1" 200 410 "-" "Mozilla/5.0 (Macintosh; Intel Mac OS X 11_4) AppleWebKit/537.36 (KHTML, like Gecko) Chrome/91.0.4472.114 Safari/537.36" www.la-magicieuse.org
104.238.171.104 - - [12/Jun/2023:11:22:48 +0000] (0 s) "POST /xmlrpc.php HTTP/1.1" 200 410 "-" "Mozilla/5.0 (Windows NT 10.0; Win64; x64) AppleWebKit/537.36 (KHTML, like Gecko) Chrome/89.0.4389.90 Safari/537.36" www.la-magicieuse.org
74.235.130.47 - - [12/Jun/2023:11:22:50 +0000] (0 s) "POST /xmlrpc.php HTTP/1.1" 200 410 "-" "Mozilla/5.0 (Windows NT 10.0; Win64; x64) AppleWebKit/537.36 (KHTML, like Gecko) Chrome/78.0.3904.108 Safari/537.36" www.la-magicieuse.org
173.249.147.204 - - [12/Jun/2023:11:22:52 +0000] (0 s) "POST /xmlrpc.php HTTP/1.1" 200 410 "-" "Mozilla/5.0 (Windows NT 10.0; Win64; x64) AppleWebKit/537.36 (KHTML, like Gecko) Chrome/80.0.3987.132 Safari/537.36" www.la-magicieuse.org
52.220.177.120 - - [12/Jun/2023:11:22:54 +0000] (0 s) "POST /xmlrpc.php HTTP/1.1" 200 410 "-" "Mozilla/5.0 (Linux; Android 10; LM-Q710(FGN)) AppleWebKit/537.36 (KHTML, like Gecko) Chrome/91.0.4472.114 Mobile Safari/537.36" www.la-magicieuse.org
174.138.58.122 - - [12/Jun/2023:11:22:54 +0000] (0 s) "POST /xmlrpc.php HTTP/1.1" 200 410 "-" "Mozilla/5.0 (Windows NT 10.0; Win64; x64; rv:60.0) Gecko/20100101 Firefox/60.0" www.la-magicieuse.org
92.204.145.130 - - [12/Jun/2023:11:23:05 +0000] (0 s) "POST /xmlrpc.php HTTP/1.1" 200 410 "-" "Mozilla/5.0 (iPod; CPU iPhone OS 14_6 like Mac OS X) AppleWebKit/605.1.15 (KHTML, like Gecko) CriOS/91.0.4472.80 Mobile/15E148 Safari/604.1" www.la-magicieuse.org
172.22.2.230 - - [12/Jun/2023:11:23:07 +0000] (0 s) "POST /wp-cron.php?doing_wp_cron=1686568987.1896040439605712890625 HTTP/1.1" 200 - "https://www.la-magicieuse.org/wp-cron.php?doing_wp_cron=1686568987.1896040439605712890625" "WordPress/6.1.3; https://www.la-magicieuse.org" www.la-magicieuse.org
173.249.147.204 - - [12/Jun/2023:11:23:07 +0000] (0 s) "POST /xmlrpc.php HTTP/1.1" 200 410 "-" "Mozilla/5.0 (Windows NT 6.1; Win64; x64) AppleWebKit/537.36 (KHTML, like Gecko) Chrome/60.0.3112.90 Safari/537.36" www.la-magicieuse.org
20.193.142.169 - - [12/Jun/2023:11:23:13 +0000] (0 s) "POST /xmlrpc.php HTTP/1.1" 200 410 "-" "Mozilla/5.0 (Windows NT 10.0; Win64; x64) AppleWebKit/537.36 (KHTML, like Gecko) Chrome/83.0.4103.116 Safari/537.36" la-magicieuse.org
77.91.85.166 - - [12/Jun/2023:11:27:31 +0000] (0 s) "GET / HTTP/1.1" 301 - "https://sobraniemebel.ru/stools/leatherette" "Mozilla/4.0 (compatible; MSIE 6.0; Windows NT 5.1; SV1; Crazy Browser 2.0.0 Beta 1; .NET CLR 1.0.3705; .NET CLR 1.1.4322)" www.la-magicieuse.org
103.163.139.202 - - [12/Jun/2023:11:28:18 +0000] (0 s) "POST /wp-login.php HTTP/1.1" 200 2738 "-" "Mozilla/5.0 (Windows NT 10.0; WOW64) AppleWebKit/537.36 (KHTML, like Gecko) Chrome/79.0.3945.130 Safari/537.36" la-magicieuse.org
43.163.212.66 - - [12/Jun/2023:11:28:40 +0000] (0 s) "GET /wp-includes/wlwmanifest.xml HTTP/1.1" 200 460 "-" "Mozilla/5.0 (Windows NT 10.0; Win64; x64) AppleWebKit/537.36 (KHTML, like Gecko) Chrome/80.0.3987.149 Safari/537.36" la-magicieuse.org
43.163.212.66 - - [12/Jun/2023:11:28:40 +0000] (0 s) "GET /?author=1 HTTP/1.1" 301 - "-" "Mozilla/5.0 (Windows NT 10.0; Win64; x64) AppleWebKit/537.36 (KHTML, like Gecko) Chrome/80.0.3987.149 Safari/537.36" la-magicieuse.org
43.163.212.66 - - [12/Jun/2023:11:28:40 +0000] (0 s) "GET /?author=2 HTTP/1.1" 301 - "-" "Mozilla/5.0 (Windows NT 10.0; Win64; x64) AppleWebKit/537.36 (KHTML, like Gecko) Chrome/80.0.3987.149 Safari/537.36" la-magicieuse.org
43.163.212.66 - - [12/Jun/2023:11:28:42 +0000] (0 s) "GET /wp-json/wp/v2/users/ HTTP/1.1" 200 336 "-" "Mozilla/5.0 (Windows NT 10.0; Win64; x64) AppleWebKit/537.36 (KHTML, like Gecko) Chrome/80.0.3987.149 Safari/537.36" la-magicieuse.org
43.163.212.66 - - [12/Jun/2023:11:29:13 +0000] (0 s) "POST /xmlrpc.php HTTP/1.1" 200 403 "-" "Mozilla/5.0 (Windows NT 10.0; Win64; x64) AppleWebKit/537.36 (KHTML, like Gecko) Chrome/80.0.3987.149 Safari/537.36" la-magicieuse.org
43.163.212.66 - - [12/Jun/2023:11:29:14 +0000] (0 s) "POST /xmlrpc.php HTTP/1.1" 200 408 "-" "Mozilla/5.0 (Windows NT 10.0; Win64; x64) AppleWebKit/537.36 (KHTML, like Gecko) Chrome/80.0.3987.149 Safari/537.36" la-magicieuse.org
43.163.212.66 - - [12/Jun/2023:11:29:15 +0000] (0 s) "POST /xmlrpc.php HTTP/1.1" 200 403 "-" "Mozilla/5.0 (Windows NT 10.0; Win64; x64) AppleWebKit/537.36 (KHTML, like Gecko) Chrome/80.0.3987.149 Safari/537.36" la-magicieuse.org
43.163.212.66 - - [12/Jun/2023:11:29:15 +0000] (0 s) "POST /xmlrpc.php HTTP/1.1" 200 408 "-" "Mozilla/5.0 (Windows NT 10.0; Win64; x64) AppleWebKit/537.36 (KHTML, like Gecko) Chrome/80.0.3987.149 Safari/537.36" la-magicieuse.org
43.163.212.66 - - [12/Jun/2023:11:29:16 +0000] (0 s) "POST /xmlrpc.php HTTP/1.1" 200 408 "-" "Mozilla/5.0 (Windows NT 10.0; Win64; x64) AppleWebKit/537.36 (KHTML, like Gecko) Chrome/80.0.3987.149 Safari/537.36" la-magicieuse.org
43.163.212.66 - - [12/Jun/2023:11:29:17 +0000] (0 s) "POST /xmlrpc.php HTTP/1.1" 200 408 "-" "Mozilla/5.0 (Windows NT 10.0; Win64; x64) AppleWebKit/537.36 (KHTML, like Gecko) Chrome/80.0.3987.149 Safari/537.36" la-magicieuse.org
43.163.212.66 - - [12/Jun/2023:11:29:18 +0000] (0 s) "POST /xmlrpc.php HTTP/1.1" 200 408 "-" "Mozilla/5.0 (Windows NT 10.0; Win64; x64) AppleWebKit/537.36 (KHTML, like Gecko) Chrome/80.0.3987.149 Safari/537.36" la-magicieuse.org
43.163.212.66 - - [12/Jun/2023:11:29:18 +0000] (0 s) "POST /xmlrpc.php HTTP/1.1" 200 408 "-" "Mozilla/5.0 (Windows NT 10.0; Win64; x64) AppleWebKit/537.36 (KHTML, like Gecko) Chrome/80.0.3987.149 Safari/537.36" la-magicieuse.org
43.163.212.66 - - [12/Jun/2023:11:29:18 +0000] (0 s) "POST /xmlrpc.php HTTP/1.1" 200 408 "-" "Mozilla/5.0 (Windows NT 10.0; Win64; x64) AppleWebKit/537.36 (KHTML, like Gecko) Chrome/80.0.3987.149 Safari/537.36" la-magicieuse.org
43.163.212.66 - - [12/Jun/2023:11:29:19 +0000] (0 s) "POST /xmlrpc.php HTTP/1.1" 200 408 "-" "Mozilla/5.0 (Windows NT 10.0; Win64; x64) AppleWebKit/537.36 (KHTML, like Gecko) Chrome/80.0.3987.149 Safari/537.36" la-magicieuse.org
43.163.212.66 - - [12/Jun/2023:11:29:19 +0000] (0 s) "POST /xmlrpc.php HTTP/1.1" 200 408 "-" "Mozilla/5.0 (Windows NT 10.0; Win64; x64) AppleWebKit/537.36 (KHTML, like Gecko) Chrome/80.0.3987.149 Safari/537.36" la-magicieuse.org
43.163.212.66 - - [12/Jun/2023:11:29:20 +0000] (0 s) "POST /xmlrpc.php HTTP/1.1" 200 408 "-" "Mozilla/5.0 (Windows NT 10.0; Win64; x64) AppleWebKit/537.36 (KHTML, like Gecko) Chrome/80.0.3987.149 Safari/537.36" la-magicieuse.org
43.163.212.66 - - [12/Jun/2023:11:29:21 +0000] (0 s) "POST /xmlrpc.php HTTP/1.1" 200 408 "-" "Mozilla/5.0 (Windows NT 10.0; Win64; x64) AppleWebKit/537.36 (KHTML, like Gecko) Chrome/80.0.3987.149 Safari/537.36" la-magicieuse.org
43.163.212.66 - - [12/Jun/2023:11:29:22 +0000] (0 s) "POST /xmlrpc.php HTTP/1.1" 200 408 "-" "Mozilla/5.0 (Windows NT 10.0; Win64; x64) AppleWebKit/537.36 (KHTML, like Gecko) Chrome/80.0.3987.149 Safari/537.36" la-magicieuse.org
43.163.212.66 - - [12/Jun/2023:11:29:34 +0000] (0 s) "POST /xmlrpc.php HTTP/1.1" 200 408 "-" "Mozilla/5.0 (Windows NT 10.0; Win64; x64) AppleWebKit/537.36 (KHTML, like Gecko) Chrome/80.0.3987.149 Safari/537.36" la-magicieuse.org
43.163.212.66 - - [12/Jun/2023:11:29:34 +0000] (0 s) "POST /xmlrpc.php HTTP/1.1" 200 408 "-" "Mozilla/5.0 (Windows NT 10.0; Win64; x64) AppleWebKit/537.36 (KHTML, like Gecko) Chrome/80.0.3987.149 Safari/537.36" la-magicieuse.org
43.163.212.66 - - [12/Jun/2023:11:29:34 +0000] (0 s) "POST /xmlrpc.php HTTP/1.1" 200 408 "-" "Mozilla/5.0 (Windows NT 10.0; Win64; x64) AppleWebKit/537.36 (KHTML, like Gecko) Chrome/80.0.3987.149 Safari/537.36" la-magicieuse.org
43.163.212.66 - - [12/Jun/2023:11:29:35 +0000] (0 s) "POST /xmlrpc.php HTTP/1.1" 200 408 "-" "Mozilla/5.0 (Windows NT 10.0; Win64; x64) AppleWebKit/537.36 (KHTML, like Gecko) Chrome/80.0.3987.149 Safari/537.36" la-magicieuse.org
43.163.212.66 - - [12/Jun/2023:11:29:36 +0000] (0 s) "POST /xmlrpc.php HTTP/1.1" 200 408 "-" "Mozilla/5.0 (Windows NT 10.0; Win64; x64) AppleWebKit/537.36 (KHTML, like Gecko) Chrome/80.0.3987.149 Safari/537.36" la-magicieuse.org
43.163.212.66 - - [12/Jun/2023:11:29:36 +0000] (0 s) "POST /xmlrpc.php HTTP/1.1" 200 408 "-" "Mozilla/5.0 (Windows NT 10.0; Win64; x64) AppleWebKit/537.36 (KHTML, like Gecko) Chrome/80.0.3987.149 Safari/537.36" la-magicieuse.org
43.163.212.66 - - [12/Jun/2023:11:29:36 +0000] (0 s) "POST /xmlrpc.php HTTP/1.1" 200 408 "-" "Mozilla/5.0 (Windows NT 10.0; Win64; x64) AppleWebKit/537.36 (KHTML, like Gecko) Chrome/80.0.3987.149 Safari/537.36" la-magicieuse.org
43.163.212.66 - - [12/Jun/2023:11:29:37 +0000] (0 s) "POST /xmlrpc.php HTTP/1.1" 200 408 "-" "Mozilla/5.0 (Windows NT 10.0; Win64; x64) AppleWebKit/537.36 (KHTML, like Gecko) Chrome/80.0.3987.149 Safari/537.36" la-magicieuse.org
43.163.212.66 - - [12/Jun/2023:11:29:37 +0000] (0 s) "POST /xmlrpc.php HTTP/1.1" 200 408 "-" "Mozilla/5.0 (Windows NT 10.0; Win64; x64) AppleWebKit/537.36 (KHTML, like Gecko) Chrome/80.0.3987.149 Safari/537.36" la-magicieuse.org
43.163.212.66 - - [12/Jun/2023:11:29:37 +0000] (0 s) "POST /xmlrpc.php HTTP/1.1" 200 408 "-" "Mozilla/5.0 (Windows NT 10.0; Win64; x64) AppleWebKit/537.36 (KHTML, like Gecko) Chrome/80.0.3987.149 Safari/537.36" la-magicieuse.org
43.163.212.66 - - [12/Jun/2023:11:29:38 +0000] (0 s) "POST /xmlrpc.php HTTP/1.1" 200 408 "-" "Mozilla/5.0 (Windows NT 10.0; Win64; x64) AppleWebKit/537.36 (KHTML, like Gecko) Chrome/80.0.3987.149 Safari/537.36" la-magicieuse.org
43.163.212.66 - - [12/Jun/2023:11:29:39 +0000] (0 s) "POST /xmlrpc.php HTTP/1.1" 200 408 "-" "Mozilla/5.0 (Windows NT 10.0; Win64; x64) AppleWebKit/537.36 (KHTML, like Gecko) Chrome/80.0.3987.149 Safari/537.36" la-magicieuse.org
43.163.212.66 - - [12/Jun/2023:11:29:39 +0000] (0 s) "POST /xmlrpc.php HTTP/1.1" 200 408 "-" "Mozilla/5.0 (Windows NT 10.0; Win64; x64) AppleWebKit/537.36 (KHTML, like Gecko) Chrome/80.0.3987.149 Safari/537.36" la-magicieuse.org
43.163.212.66 - - [12/Jun/2023:11:29:39 +0000] (0 s) "POST /xmlrpc.php HTTP/1.1" 200 408 "-" "Mozilla/5.0 (Windows NT 10.0; Win64; x64) AppleWebKit/537.36 (KHTML, like Gecko) Chrome/80.0.3987.149 Safari/537.36" la-magicieuse.org
43.163.212.66 - - [12/Jun/2023:11:29:40 +0000] (0 s) "POST /xmlrpc.php HTTP/1.1" 200 408 "-" "Mozilla/5.0 (Windows NT 10.0; Win64; x64) AppleWebKit/537.36 (KHTML, like Gecko) Chrome/80.0.3987.149 Safari/537.36" la-magicieuse.org
43.163.212.66 - - [12/Jun/2023:11:29:40 +0000] (0 s) "POST /xmlrpc.php HTTP/1.1" 200 408 "-" "Mozilla/5.0 (Windows NT 10.0; Win64; x64) AppleWebKit/537.36 (KHTML, like Gecko) Chrome/80.0.3987.149 Safari/537.36" la-magicieuse.org
43.163.212.66 - - [12/Jun/2023:11:29:41 +0000] (0 s) "POST /xmlrpc.php HTTP/1.1" 200 408 "-" "Mozilla/5.0 (Windows NT 10.0; Win64; x64) AppleWebKit/537.36 (KHTML, like Gecko) Chrome/80.0.3987.149 Safari/537.36" la-magicieuse.org
43.163.212.66 - - [12/Jun/2023:11:29:41 +0000] (0 s) "POST /xmlrpc.php HTTP/1.1" 200 408 "-" "Mozilla/5.0 (Windows NT 10.0; Win64; x64) AppleWebKit/537.36 (KHTML, like Gecko) Chrome/80.0.3987.149 Safari/537.36" la-magicieuse.org
43.163.212.66 - - [12/Jun/2023:11:29:42 +0000] (0 s) "POST /xmlrpc.php HTTP/1.1" 200 408 "-" "Mozilla/5.0 (Windows NT 10.0; Win64; x64) AppleWebKit/537.36 (KHTML, like Gecko) Chrome/80.0.3987.149 Safari/537.36" la-magicieuse.org
43.163.212.66 - - [12/Jun/2023:11:29:42 +0000] (0 s) "POST /xmlrpc.php HTTP/1.1" 200 408 "-" "Mozilla/5.0 (Windows NT 10.0; Win64; x64) AppleWebKit/537.36 (KHTML, like Gecko) Chrome/80.0.3987.149 Safari/537.36" la-magicieuse.org
43.163.212.66 - - [12/Jun/2023:11:29:43 +0000] (0 s) "POST /xmlrpc.php HTTP/1.1" 200 408 "-" "Mozilla/5.0 (Windows NT 10.0; Win64; x64) AppleWebKit/537.36 (KHTML, like Gecko) Chrome/80.0.3987.149 Safari/537.36" la-magicieuse.org
43.163.212.66 - - [12/Jun/2023:11:29:43 +0000] (0 s) "POST /xmlrpc.php HTTP/1.1" 200 408 "-" "Mozilla/5.0 (Windows NT 10.0; Win64; x64) AppleWebKit/537.36 (KHTML, like Gecko) Chrome/80.0.3987.149 Safari/537.36" la-magicieuse.org
43.163.212.66 - - [12/Jun/2023:11:29:43 +0000] (0 s) "POST /xmlrpc.php HTTP/1.1" 200 408 "-" "Mozilla/5.0 (Windows NT 10.0; Win64; x64) AppleWebKit/537.36 (KHTML, like Gecko) Chrome/80.0.3987.149 Safari/537.36" la-magicieuse.org
43.163.212.66 - - [12/Jun/2023:11:29:44 +0000] (0 s) "POST /xmlrpc.php HTTP/1.1" 200 408 "-" "Mozilla/5.0 (Windows NT 10.0; Win64; x64) AppleWebKit/537.36 (KHTML, like Gecko) Chrome/80.0.3987.149 Safari/537.36" la-magicieuse.org
43.163.212.66 - - [12/Jun/2023:11:29:45 +0000] (0 s) "POST /xmlrpc.php HTTP/1.1" 200 408 "-" "Mozilla/5.0 (Windows NT 10.0; Win64; x64) AppleWebKit/537.36 (KHTML, like Gecko) Chrome/80.0.3987.149 Safari/537.36" la-magicieuse.org
43.163.212.66 - - [12/Jun/2023:11:29:45 +0000] (0 s) "POST /xmlrpc.php HTTP/1.1" 200 408 "-" "Mozilla/5.0 (Windows NT 10.0; Win64; x64) AppleWebKit/537.36 (KHTML, like Gecko) Chrome/80.0.3987.149 Safari/537.36" la-magicieuse.org
43.163.212.66 - - [12/Jun/2023:11:29:45 +0000] (0 s) "POST /xmlrpc.php HTTP/1.1" 200 408 "-" "Mozilla/5.0 (Windows NT 10.0; Win64; x64) AppleWebKit/537.36 (KHTML, like Gecko) Chrome/80.0.3987.149 Safari/537.36" la-magicieuse.org
43.163.212.66 - - [12/Jun/2023:11:29:46 +0000] (0 s) "POST /xmlrpc.php HTTP/1.1" 200 408 "-" "Mozilla/5.0 (Windows NT 10.0; Win64; x64) AppleWebKit/537.36 (KHTML, like Gecko) Chrome/80.0.3987.149 Safari/537.36" la-magicieuse.org
43.163.212.66 - - [12/Jun/2023:11:29:46 +0000] (0 s) "POST /xmlrpc.php HTTP/1.1" 200 408 "-" "Mozilla/5.0 (Windows NT 10.0; Win64; x64) AppleWebKit/537.36 (KHTML, like Gecko) Chrome/80.0.3987.149 Safari/537.36" la-magicieuse.org
43.163.212.66 - - [12/Jun/2023:11:29:46 +0000] (0 s) "POST /xmlrpc.php HTTP/1.1" 200 408 "-" "Mozilla/5.0 (Windows NT 10.0; Win64; x64) AppleWebKit/537.36 (KHTML, like Gecko) Chrome/80.0.3987.149 Safari/537.36" la-magicieuse.org
43.163.212.66 - - [12/Jun/2023:11:29:47 +0000] (0 s) "POST /xmlrpc.php HTTP/1.1" 200 408 "-" "Mozilla/5.0 (Windows NT 10.0; Win64; x64) AppleWebKit/537.36 (KHTML, like Gecko) Chrome/80.0.3987.149 Safari/537.36" la-magicieuse.org
43.163.212.66 - - [12/Jun/2023:11:29:47 +0000] (0 s) "POST /xmlrpc.php HTTP/1.1" 200 408 "-" "Mozilla/5.0 (Windows NT 10.0; Win64; x64) AppleWebKit/537.36 (KHTML, like Gecko) Chrome/80.0.3987.149 Safari/537.36" la-magicieuse.org
43.163.212.66 - - [12/Jun/2023:11:29:47 +0000] (0 s) "POST /xmlrpc.php HTTP/1.1" 200 408 "-" "Mozilla/5.0 (Windows NT 10.0; Win64; x64) AppleWebKit/537.36 (KHTML, like Gecko) Chrome/80.0.3987.149 Safari/537.36" la-magicieuse.org
43.163.212.66 - - [12/Jun/2023:11:29:47 +0000] (0 s) "POST /xmlrpc.php HTTP/1.1" 200 408 "-" "Mozilla/5.0 (Windows NT 10.0; Win64; x64) AppleWebKit/537.36 (KHTML, like Gecko) Chrome/80.0.3987.149 Safari/537.36" la-magicieuse.org
43.163.212.66 - - [12/Jun/2023:11:29:48 +0000] (0 s) "POST /xmlrpc.php HTTP/1.1" 200 408 "-" "Mozilla/5.0 (Windows NT 10.0; Win64; x64) AppleWebKit/537.36 (KHTML, like Gecko) Chrome/80.0.3987.149 Safari/537.36" la-magicieuse.org
43.163.212.66 - - [12/Jun/2023:11:29:48 +0000] (0 s) "POST /xmlrpc.php HTTP/1.1" 200 408 "-" "Mozilla/5.0 (Windows NT 10.0; Win64; x64) AppleWebKit/537.36 (KHTML, like Gecko) Chrome/80.0.3987.149 Safari/537.36" la-magicieuse.org
43.163.212.66 - - [12/Jun/2023:11:29:48 +0000] (0 s) "POST /xmlrpc.php HTTP/1.1" 200 408 "-" "Mozilla/5.0 (Windows NT 10.0; Win64; x64) AppleWebKit/537.36 (KHTML, like Gecko) Chrome/80.0.3987.149 Safari/537.36" la-magicieuse.org
43.163.212.66 - - [12/Jun/2023:11:29:49 +0000] (0 s) "POST /xmlrpc.php HTTP/1.1" 200 408 "-" "Mozilla/5.0 (Windows NT 10.0; Win64; x64) AppleWebKit/537.36 (KHTML, like Gecko) Chrome/80.0.3987.149 Safari/537.36" la-magicieuse.org
43.163.212.66 - - [12/Jun/2023:11:29:49 +0000] (0 s) "POST /xmlrpc.php HTTP/1.1" 200 408 "-" "Mozilla/5.0 (Windows NT 10.0; Win64; x64) AppleWebKit/537.36 (KHTML, like Gecko) Chrome/80.0.3987.149 Safari/537.36" la-magicieuse.org
43.163.212.66 - - [12/Jun/2023:11:29:50 +0000] (0 s) "POST /xmlrpc.php HTTP/1.1" 200 408 "-" "Mozilla/5.0 (Windows NT 10.0; Win64; x64) AppleWebKit/537.36 (KHTML, like Gecko) Chrome/80.0.3987.149 Safari/537.36" la-magicieuse.org
43.163.212.66 - - [12/Jun/2023:11:29:50 +0000] (0 s) "POST /xmlrpc.php HTTP/1.1" 200 408 "-" "Mozilla/5.0 (Windows NT 10.0; Win64; x64) AppleWebKit/537.36 (KHTML, like Gecko) Chrome/80.0.3987.149 Safari/537.36" la-magicieuse.org
43.163.212.66 - - [12/Jun/2023:11:29:51 +0000] (0 s) "POST /xmlrpc.php HTTP/1.1" 200 408 "-" "Mozilla/5.0 (Windows NT 10.0; Win64; x64) AppleWebKit/537.36 (KHTML, like Gecko) Chrome/80.0.3987.149 Safari/537.36" la-magicieuse.org
43.163.212.66 - - [12/Jun/2023:11:29:51 +0000] (0 s) "POST /xmlrpc.php HTTP/1.1" 200 408 "-" "Mozilla/5.0 (Windows NT 10.0; Win64; x64) AppleWebKit/537.36 (KHTML, like Gecko) Chrome/80.0.3987.149 Safari/537.36" la-magicieuse.org
43.163.212.66 - - [12/Jun/2023:11:29:51 +0000] (0 s) "POST /xmlrpc.php HTTP/1.1" 200 408 "-" "Mozilla/5.0 (Windows NT 10.0; Win64; x64) AppleWebKit/537.36 (KHTML, like Gecko) Chrome/80.0.3987.149 Safari/537.36" la-magicieuse.org
43.163.212.66 - - [12/Jun/2023:11:29:51 +0000] (0 s) "POST /xmlrpc.php HTTP/1.1" 200 408 "-" "Mozilla/5.0 (Windows NT 10.0; Win64; x64) AppleWebKit/537.36 (KHTML, like Gecko) Chrome/80.0.3987.149 Safari/537.36" la-magicieuse.org
43.163.212.66 - - [12/Jun/2023:11:29:52 +0000] (0 s) "POST /xmlrpc.php HTTP/1.1" 200 408 "-" "Mozilla/5.0 (Windows NT 10.0; Win64; x64) AppleWebKit/537.36 (KHTML, like Gecko) Chrome/80.0.3987.149 Safari/537.36" la-magicieuse.org
43.163.212.66 - - [12/Jun/2023:11:29:52 +0000] (0 s) "POST /xmlrpc.php HTTP/1.1" 200 408 "-" "Mozilla/5.0 (Windows NT 10.0; Win64; x64) AppleWebKit/537.36 (KHTML, like Gecko) Chrome/80.0.3987.149 Safari/537.36" la-magicieuse.org
43.163.212.66 - - [12/Jun/2023:11:29:53 +0000] (0 s) "POST /xmlrpc.php HTTP/1.1" 200 408 "-" "Mozilla/5.0 (Windows NT 10.0; Win64; x64) AppleWebKit/537.36 (KHTML, like Gecko) Chrome/80.0.3987.149 Safari/537.36" la-magicieuse.org
43.163.212.66 - - [12/Jun/2023:11:29:53 +0000] (0 s) "POST /xmlrpc.php HTTP/1.1" 200 408 "-" "Mozilla/5.0 (Windows NT 10.0; Win64; x64) AppleWebKit/537.36 (KHTML, like Gecko) Chrome/80.0.3987.149 Safari/537.36" la-magicieuse.org
43.163.212.66 - - [12/Jun/2023:11:29:54 +0000] (0 s) "POST /xmlrpc.php HTTP/1.1" 200 408 "-" "Mozilla/5.0 (Windows NT 10.0; Win64; x64) AppleWebKit/537.36 (KHTML, like Gecko) Chrome/80.0.3987.149 Safari/537.36" la-magicieuse.org
